Last updated on 2024-06-15 17:57:30 CEST.
Flavor | Version | Tinstall | Tcheck | Ttotal | Status | Flags |
---|---|---|---|---|---|---|
r-devel-linux-x86_64-debian-clang | 0.9.4 | 88.83 | 92.03 | 180.86 | OK | |
r-devel-linux-x86_64-debian-gcc | 0.9.4 | 64.29 | 71.27 | 135.56 | OK | |
r-devel-linux-x86_64-fedora-clang | 0.9.4 | 243.04 | NOTE | |||
r-devel-linux-x86_64-fedora-gcc | 0.9.4 | 261.52 | NOTE | |||
r-devel-windows-x86_64 | 0.9.4 | 67.00 | 103.00 | 170.00 | OK | |
r-patched-linux-x86_64 | 0.9.4 | 79.05 | 88.85 | 167.90 | OK | |
r-release-linux-x86_64 | 0.9.4 | 80.00 | 89.57 | 169.57 | OK | |
r-release-macos-arm64 | 0.9.4 | 100.00 | NOTE | |||
r-release-macos-x86_64 | 0.9.4 | 127.00 | NOTE | |||
r-release-windows-x86_64 | 0.9.4 | 73.00 | 107.00 | 180.00 | OK | |
r-oldrel-macos-arm64 | 0.9.4 | 109.00 | NOTE | |||
r-oldrel-macos-x86_64 | 0.9.4 | 151.00 | NOTE | |||
r-oldrel-windows-x86_64 | 0.9.4 | 84.00 | 126.00 | 210.00 | OK |
Version: 0.9.4
Check: dependencies in R code
Result: NOTE
Namespace in Imports field not imported from: ‘R6’
All declared Imports should be used.
Flavors: r-devel-linux-x86_64-fedora-clang, r-devel-linux-x86_64-fedora-gcc
Version: 0.9.4
Check: installed package size
Result: NOTE
installed size is 16.6Mb
sub-directories of 1Mb or more:
libs 16.0Mb
Flavors: r-release-macos-arm64, r-release-macos-x86_64, r-oldrel-macos-arm64, r-oldrel-macos-x86_64