Last updated on 2024-06-15 17:57:30 CEST.
Flavor | Version | Tinstall | Tcheck | Ttotal | Status | Flags |
---|---|---|---|---|---|---|
r-devel-linux-x86_64-debian-clang | 0.51-3 | 14.65 | 96.14 | 110.79 | NOTE | |
r-devel-linux-x86_64-debian-gcc | 0.51-3 | 10.44 | 71.31 | 81.75 | NOTE | |
r-devel-linux-x86_64-fedora-clang | 0.51-3 | 135.79 | NOTE | |||
r-devel-linux-x86_64-fedora-gcc | 0.51-3 | 131.41 | NOTE | |||
r-devel-windows-x86_64 | 0.51-3 | 14.00 | 94.00 | 108.00 | NOTE | |
r-patched-linux-x86_64 | 0.51-3 | 15.69 | 96.21 | 111.90 | NOTE | |
r-release-linux-x86_64 | 0.51-3 | 11.51 | 93.66 | 105.17 | NOTE | |
r-release-macos-arm64 | 0.51-3 | 40.00 | NOTE | |||
r-release-macos-x86_64 | 0.51-3 | 78.00 | NOTE | |||
r-release-windows-x86_64 | 0.51-3 | 14.00 | 96.00 | 110.00 | NOTE | |
r-oldrel-macos-arm64 | 0.51-3 | 42.00 | OK | |||
r-oldrel-macos-x86_64 | 0.51-3 | 92.00 | OK | |||
r-oldrel-windows-x86_64 | 0.51-3 | 17.00 | 116.00 | 133.00 | OK |
Version: 0.51-3
Check: Rd files
Result: NOTE
checkRd: (-1) cluster.Gen.rd:82: Lost braces
82 | Steinley, D., Henson, R. (2005), \emph{OCLUS: an analytic method for generating clusters with known overlap}, "Journal of Classification", vol. 22, 221-250. Available at: \\doi{10.1007/s00357-005-0015-6}.
| ^
checkRd: (-1) index.DB.rd:23: Lost braces; missing escapes or markup?
23 | \item{R}{R matrix $(S_r+S_s)/d_{rs}$}
| ^
checkRd: (-1) index.GAP.rd:12: Lost braces; missing escapes or markup?
12 | "pc" - generate the reference variables from a uniform distribution over a box aligned with the principal components of the data. In detail, if $X=\{x_{ij}\}$ is our n x m data matrix, assume that the columns have mean 0 and compute the singular value decomposition $X=UDV^T$. We transform via $X'=XV$ and then draw uniform features Z' over the ranges of the columns of X' , as in method a) above. Finally we back-transform via $Z=Z'V^T$ to give reference data Z
| ^
checkRd: (-1) pattern.GDM1.rd:77: Lost braces
77 | Jajuga, K., Walesiak, M., Bak, A. (2003), \emph{On the general distance measure}, In: M. Schwaiger, O. Opitz (Eds.), Exploratory data analysis in empirical research, Springer-Verlag, Berlin, Heidelberg, 104-109. Available at: doi{10.1007/978-3-642-55721-7_12}.
| ^
Flavors: r-devel-linux-x86_64-debian-clang, r-devel-linux-x86_64-debian-gcc, r-devel-linux-x86_64-fedora-clang, r-devel-linux-x86_64-fedora-gcc, r-devel-windows-x86_64, r-patched-linux-x86_64, r-release-linux-x86_64, r-release-macos-arm64, r-release-macos-x86_64, r-release-windows-x86_64