Last updated on 2025-05-15 18:50:43 CEST.
Flavor | Version | Tinstall | Tcheck | Ttotal | Status | Flags |
---|---|---|---|---|---|---|
r-devel-linux-x86_64-debian-clang | 1.1 | 10.38 | 35.06 | 45.44 | NOTE | |
r-devel-linux-x86_64-debian-gcc | 1.1 | 7.70 | 25.36 | 33.06 | NOTE | |
r-devel-linux-x86_64-fedora-clang | 1.1 | 79.44 | NOTE | |||
r-devel-linux-x86_64-fedora-gcc | 1.1 | 76.79 | NOTE | |||
r-devel-windows-x86_64 | 1.1 | 14.00 | 82.00 | 96.00 | OK | |
r-patched-linux-x86_64 | 1.1 | 11.06 | 33.95 | 45.01 | OK | |
r-release-linux-x86_64 | 1.1 | 10.12 | 33.39 | 43.51 | OK | |
r-release-macos-arm64 | 1.1 | 26.00 | OK | |||
r-release-macos-x86_64 | 1.1 | 45.00 | OK | |||
r-release-windows-x86_64 | 1.1 | 14.00 | 84.00 | 98.00 | OK | |
r-oldrel-macos-arm64 | 1.1 | 29.00 | OK | |||
r-oldrel-macos-x86_64 | 1.1 | 36.00 | OK | |||
r-oldrel-windows-x86_64 | 1.1 | 12.00 | 97.00 | 109.00 | OK |
Version: 1.1
Check: CRAN incoming feasibility
Result: NOTE
Maintainer: ‘Haolun Shi <shl2003@connect.hku.hk>’
No Authors@R field in DESCRIPTION.
Please add one, modifying
Authors@R: c(person(given = "Haolun",
family = "Shi",
role = c("aut", "cre"),
email = "shl2003@connect.hku.hk"),
person(given = "Guosheng",
family = "Yin",
role = "aut"))
as necessary.
Flavors: r-devel-linux-x86_64-debian-clang, r-devel-linux-x86_64-debian-gcc
Version: 1.1
Check: compiled code
Result: NOTE
File ‘clogitboost/libs/clogitboost.so’:
Found no calls to: ‘R_registerRoutines’, ‘R_useDynamicSymbols’
It is good practice to register native routines and to disable symbol
search.
See ‘Writing portable packages’ in the ‘Writing R Extensions’ manual.
Flavors: r-devel-linux-x86_64-fedora-clang, r-devel-linux-x86_64-fedora-gcc