Last updated on 2025-11-17 05:49:33 CET.
| Flavor | Version | Tinstall | Tcheck | Ttotal | Status | Flags |
|---|---|---|---|---|---|---|
| r-devel-linux-x86_64-debian-clang | 0.1.1 | 1.45 | 18.34 | 19.79 | OK | |
| r-devel-linux-x86_64-debian-gcc | 0.1.1 | 1.40 | 15.37 | 16.77 | NOTE | |
| r-devel-linux-x86_64-fedora-clang | 0.1.1 | 28.88 | OK | |||
| r-devel-linux-x86_64-fedora-gcc | 0.1.1 | 27.87 | OK | |||
| r-devel-windows-x86_64 | 0.1.1 | 4.00 | 33.00 | 37.00 | OK | |
| r-patched-linux-x86_64 | 0.1.1 | 1.64 | 17.39 | 19.03 | OK | |
| r-release-linux-x86_64 | 0.1.1 | 1.57 | 17.25 | 18.82 | OK | |
| r-release-macos-arm64 | 0.1.1 | 1.00 | 13.00 | 14.00 | OK | |
| r-release-macos-x86_64 | 0.1.1 | 2.00 | 23.00 | 25.00 | OK | |
| r-release-windows-x86_64 | 0.1.1 | 3.00 | 33.00 | 36.00 | OK | |
| r-oldrel-macos-arm64 | 0.1.1 | 1.00 | 18.00 | 19.00 | OK | |
| r-oldrel-macos-x86_64 | 0.1.1 | 2.00 | 21.00 | 23.00 | OK | |
| r-oldrel-windows-x86_64 | 0.1.1 | 2.00 | 35.00 | 37.00 | OK |
Version: 0.1.1
Check: CRAN incoming feasibility
Result: NOTE
Maintainer: ‘Onur Karakaslar <eonurkara@gmail.com>’
The BugReports field in DESCRIPTION has
https://github.com/eonurk/cinaR-genesets/issues/
which should likely be
https://github.com/eonurk/cinaR-genesets/issues/issues
instead.
Flavor: r-devel-linux-x86_64-debian-gcc