Last updated on 2025-11-04 06:49:32 CET.
| Flavor | Version | Tinstall | Tcheck | Ttotal | Status | Flags | 
|---|---|---|---|---|---|---|
| r-devel-linux-x86_64-debian-clang | 0.2.3 | 6.09 | 131.22 | 137.31 | OK | |
| r-devel-linux-x86_64-debian-gcc | 0.2.3 | 3.72 | 97.98 | 101.70 | OK | |
| r-devel-linux-x86_64-fedora-clang | 0.2.3 | 25.00 | 200.58 | 225.58 | OK | |
| r-devel-linux-x86_64-fedora-gcc | 0.2.3 | 13.00 | 211.37 | 224.37 | OK | |
| r-devel-windows-x86_64 | 0.2.3 | 10.00 | 129.00 | 139.00 | OK | |
| r-patched-linux-x86_64 | 0.2.3 | 0.36 | 2.11 | 2.47 | ERROR | |
| r-release-linux-x86_64 | 0.2.3 | 0.36 | 2.11 | 2.47 | ERROR | |
| r-release-macos-arm64 | 0.2.3 | 5.00 | ERROR | |||
| r-release-macos-x86_64 | 0.2.3 | 6.00 | ERROR | |||
| r-release-windows-x86_64 | 0.2.3 | 9.00 | 129.00 | 138.00 | OK | |
| r-oldrel-macos-arm64 | 0.2.3 | 10.00 | ERROR | |||
| r-oldrel-macos-x86_64 | 0.2.3 | 11.00 | ERROR | |||
| r-oldrel-windows-x86_64 | 0.2.3 | 12.00 | 172.00 | 184.00 | OK | 
Version: 0.2.3
Check: package dependencies
Result: ERROR
  Packages required but not available:
    'ChIPseeker', 'DESeq2', 'TxDb.Hsapiens.UCSC.hg38.knownGene',
    'TxDb.Hsapiens.UCSC.hg19.knownGene',
    'TxDb.Mmusculus.UCSC.mm10.knownGene'
  
  See section ‘The DESCRIPTION file’ in the ‘Writing R Extensions’
  manual.
Flavor: r-patched-linux-x86_64
Version: 0.2.3
Check: package dependencies
Result: ERROR
  Package required but not available: ‘ChIPseeker’
  
  See section ‘The DESCRIPTION file’ in the ‘Writing R Extensions’
  manual.
Flavor: r-release-linux-x86_64
Version: 0.2.3
Check: package dependencies
Result: ERROR
  Packages required but not available:
    'ChIPseeker', 'TxDb.Hsapiens.UCSC.hg38.knownGene',
    'TxDb.Hsapiens.UCSC.hg19.knownGene',
    'TxDb.Mmusculus.UCSC.mm10.knownGene'
  
  See section ‘The DESCRIPTION file’ in the ‘Writing R Extensions’
  manual.
Flavors: r-release-macos-arm64, r-release-macos-x86_64, r-oldrel-macos-x86_64
Version: 0.2.3
Check: package dependencies
Result: ERROR
  Packages required but not available:
    'TxDb.Hsapiens.UCSC.hg38.knownGene',
    'TxDb.Hsapiens.UCSC.hg19.knownGene',
    'TxDb.Mmusculus.UCSC.mm10.knownGene'
  
  See section ‘The DESCRIPTION file’ in the ‘Writing R Extensions’
  manual.
Flavor: r-oldrel-macos-arm64