Last updated on 2025-11-26 05:51:30 CET.
| Flavor | Version | Tinstall | Tcheck | Ttotal | Status | Flags |
|---|---|---|---|---|---|---|
| r-devel-linux-x86_64-debian-clang | 0.4 | 3.75 | 51.23 | 54.98 | OK | |
| r-devel-linux-x86_64-debian-gcc | 0.4 | 2.84 | 36.42 | 39.26 | OK | |
| r-devel-linux-x86_64-fedora-clang | 0.4 | 10.00 | 75.11 | 85.11 | OK | |
| r-devel-linux-x86_64-fedora-gcc | 0.4 | 10.00 | 72.81 | 82.81 | OK | |
| r-devel-windows-x86_64 | 0.4 | 6.00 | 64.00 | 70.00 | NOTE | |
| r-patched-linux-x86_64 | 0.4 | 5.10 | 47.77 | 52.87 | OK | |
| r-release-linux-x86_64 | 0.4 | 4.28 | 47.58 | 51.86 | OK | |
| r-release-macos-arm64 | 0.4 | OK | ||||
| r-release-macos-x86_64 | 0.4 | 5.00 | 44.00 | 49.00 | OK | |
| r-release-windows-x86_64 | 0.4 | 6.00 | 70.00 | 76.00 | OK | |
| r-oldrel-macos-arm64 | 0.4 | OK | ||||
| r-oldrel-macos-x86_64 | 0.4 | 7.00 | 58.00 | 65.00 | OK | |
| r-oldrel-windows-x86_64 | 0.4 | 8.00 | 76.00 | 84.00 | OK |
Version: 0.4
Check: Rd files
Result: NOTE
checkRd: (-1) binary_diffusion.Rd:40-52: Only 7 columns allowed in this table (row 2 has 6)
checkRd: (-1) binary_diffusion.Rd:61-66: Only 7 columns allowed in this table (row 1 has 6)
checkRd: (-1) chapensk.Rd:57-90: Only 4 columns allowed in this table (row 2 has 3)
checkRd: (-1) chapensk.Rd:57-90: Only 4 columns allowed in this table (row 3 has 3)
checkRd: (-1) chapensk.Rd:57-90: Only 4 columns allowed in this table (row 4 has 3)
checkRd: (-1) chapensk.Rd:57-90: Only 4 columns allowed in this table (row 6 has 3)
checkRd: (-1) chapensk.Rd:57-90: Only 4 columns allowed in this table (row 7 has 3)
checkRd: (-1) chapensk.Rd:57-90: Only 4 columns allowed in this table (row 9 has 3)
checkRd: (-1) chapensk.Rd:57-90: Only 4 columns allowed in this table (row 10 has 3)
checkRd: (-1) chapensk.Rd:57-90: Only 4 columns allowed in this table (row 12 has 3)
checkRd: (-1) chapensk.Rd:57-90: Only 4 columns allowed in this table (row 14 has 3)
checkRd: (-1) chapensk.Rd:57-90: Only 4 columns allowed in this table (row 16 has 3)
checkRd: (-1) chapensk.Rd:57-90: Only 4 columns allowed in this table (row 17 has 3)
checkRd: (-1) chapensk.Rd:57-90: Only 4 columns allowed in this table (row 18 has 3)
checkRd: (-1) chapensk.Rd:57-90: Only 4 columns allowed in this table (row 19 has 3)
checkRd: (-1) chapensk.Rd:57-90: Only 4 columns allowed in this table (row 20 has 3)
checkRd: (-1) chapensk.Rd:57-90: Only 4 columns allowed in this table (row 22 has 3)
checkRd: (-1) chapensk.Rd:57-90: Only 4 columns allowed in this table (row 23 has 3)
checkRd: (-1) chapensk.Rd:57-90: Only 4 columns allowed in this table (row 24 has 3)
checkRd: (-1) chapensk.Rd:57-90: Only 4 columns allowed in this table (row 25 has 3)
checkRd: (-1) chapensk.Rd:57-90: Only 4 columns allowed in this table (row 26 has 3)
checkRd: (-1) chapensk.Rd:57-90: Only 4 columns allowed in this table (row 27 has 3)
checkRd: (-1) chapensk.Rd:57-90: Only 4 columns allowed in this table (row 28 has 3)
checkRd: (-1) chapensk.Rd:57-90: Only 4 columns allowed in this table (row 29 has 3)
checkRd: (-1) chapensk.Rd:57-90: Only 4 columns allowed in this table (row 30 has 3)
checkRd: (-1) chapensk.Rd:57-90: Only 4 columns allowed in this table (row 31 has 3)
checkRd: (-1) chapensk.Rd:57-90: Only 4 columns allowed in this table (row 32 has 3)
Flavor: r-devel-windows-x86_64