CRAN Package Check Results for Package changepoints

Last updated on 2025-02-05 17:49:53 CET.

Flavor Version Tinstall Tcheck Ttotal Status Flags
r-devel-linux-x86_64-debian-clang 1.1.0 106.57 327.13 433.70 NOTE
r-devel-linux-x86_64-debian-gcc 1.1.0 73.31 204.10 277.41 NOTE
r-devel-linux-x86_64-fedora-clang 1.1.0 804.22 NOTE
r-devel-linux-x86_64-fedora-gcc 1.1.0 753.99 NOTE
r-devel-windows-x86_64 1.1.0 108.00 333.00 441.00 NOTE
r-patched-linux-x86_64 1.1.0 104.05 310.66 414.71 NOTE
r-release-linux-x86_64 1.1.0 105.77 312.25 418.02 NOTE
r-release-macos-arm64 1.1.0 181.00 NOTE
r-release-macos-x86_64 1.1.0 280.00 NOTE
r-release-windows-x86_64 1.1.0 109.00 334.00 443.00 NOTE
r-oldrel-macos-arm64 1.1.0 212.00 NOTE
r-oldrel-macos-x86_64 1.1.0 351.00 NOTE
r-oldrel-windows-x86_64 1.1.0 127.00 431.00 558.00 OK

Check Details

Version: 1.1.0
Check: Rd files
Result: NOTE checkRd: (-1) Hausdorff.dist.Rd:10: Lost braces; missing escapes or markup? 10 | \item{vec1}{A \code{integer} vector forms a subset of {1, 2, ..., n}.} | ^ checkRd: (-1) Hausdorff.dist.Rd:12: Lost braces; missing escapes or markup? 12 | \item{vec2}{A \code{integer} vector forms a subset of {1, 2, ..., n}.} | ^ checkRd: (-1) online.univar.multi.Rd:47-57: Lost braces 47 | online.univar.one2 = function(y_vec, gamma, tau_gamma, ...){ | ^ checkRd: (-1) online.univar.multi.Rd:50-55: Lost braces 50 | while(FLAG == 0 & t <= length(y_vec)){ | ^ checkRd: (-1) online.univar.multi.Rd:71-89: Lost braces 71 | online.univar.one3 = function(y_vec, tau_vec, ...){ | ^ checkRd: (-1) online.univar.multi.Rd:72-74: Lost braces 72 | if(length(y_vec) != length(tau_vec)){ | ^ checkRd: (-1) online.univar.multi.Rd:77-87: Lost braces 77 | while(FLAG == 0 & t <= length(y_vec)){ | ^ checkRd: (-1) online.univar.multi.Rd:81-86: Lost braces 81 | while(j < J & FLAG == 0){ | ^ Flavors: r-devel-linux-x86_64-debian-clang, r-devel-linux-x86_64-debian-gcc, r-devel-linux-x86_64-fedora-clang, r-devel-linux-x86_64-fedora-gcc, r-devel-windows-x86_64, r-patched-linux-x86_64, r-release-linux-x86_64, r-release-macos-arm64, r-release-macos-x86_64, r-release-windows-x86_64

Version: 1.1.0
Check: installed package size
Result: NOTE installed size is 6.1Mb sub-directories of 1Mb or more: libs 5.5Mb Flavors: r-release-macos-arm64, r-release-macos-x86_64, r-oldrel-macos-arm64, r-oldrel-macos-x86_64