CRAN Package Check Results for Package cellKey

Last updated on 2025-06-30 18:49:37 CEST.

Flavor Version Tinstall Tcheck Ttotal Status Flags
r-devel-linux-x86_64-debian-clang 1.0.2 50.75 136.77 187.52 OK
r-devel-linux-x86_64-debian-gcc 1.0.2 53.92 98.32 152.24 OK
r-devel-linux-x86_64-fedora-clang 1.0.2 291.48 OK
r-devel-linux-x86_64-fedora-gcc 1.0.2 295.53 OK
r-devel-windows-x86_64 1.0.2 54.00 140.00 194.00 OK
r-patched-linux-x86_64 OK
r-release-linux-x86_64 1.0.2 53.85 128.40 182.25 OK
r-release-macos-arm64 1.0.2 102.00 OK
r-release-macos-x86_64 1.0.2 187.00 OK
r-release-windows-x86_64 1.0.2 53.00 138.00 191.00 OK
r-oldrel-macos-arm64 1.0.2 112.00 NOTE
r-oldrel-macos-x86_64 1.0.2 147.00 NOTE
r-oldrel-windows-x86_64 1.0.2 77.00 188.00 265.00 OK

Check Details

Version: 1.0.2
Check: installed package size
Result: NOTE installed size is 5.9Mb sub-directories of 1Mb or more: data 5.5Mb Flavors: r-oldrel-macos-arm64, r-oldrel-macos-x86_64