Last updated on 2025-02-05 17:49:53 CET.
Flavor | Version | Tinstall | Tcheck | Ttotal | Status | Flags |
---|---|---|---|---|---|---|
r-devel-linux-x86_64-debian-clang | 1.0.1 | 14.68 | 120.15 | 134.83 | OK | |
r-devel-linux-x86_64-debian-gcc | 1.0.1 | 11.14 | 88.33 | 99.47 | OK | |
r-devel-linux-x86_64-fedora-clang | 1.0.1 | 215.40 | NOTE | |||
r-devel-linux-x86_64-fedora-gcc | 1.0.1 | 209.51 | OK | |||
r-devel-windows-x86_64 | 1.0.1 | 17.00 | 116.00 | 133.00 | OK | |
r-patched-linux-x86_64 | 1.0.1 | 13.45 | 107.44 | 120.89 | OK | |
r-release-linux-x86_64 | 1.0.1 | 14.36 | 106.93 | 121.29 | OK | |
r-release-macos-arm64 | 1.0.1 | 65.00 | OK | |||
r-release-macos-x86_64 | 1.0.1 | 98.00 | OK | |||
r-release-windows-x86_64 | 1.0.1 | 18.00 | 118.00 | 136.00 | OK | |
r-oldrel-macos-arm64 | 1.0.1 | 71.00 | OK | |||
r-oldrel-macos-x86_64 | 1.0.1 | 109.00 | OK | |||
r-oldrel-windows-x86_64 | 1.0.1 | 22.00 | 143.00 | 165.00 | OK |
Version: 1.0.1
Check: whether startup messages can be suppressed
Result: NOTE
OMP: Warning #96: Cannot form a team with 24 threads, using 2 instead.
OMP: Hint Consider unsetting KMP_DEVICE_THREAD_LIMIT (KMP_ALL_THREADS), KMP_TEAMS_THREAD_LIMIT, and OMP_THREAD_LIMIT (if any are set).
It looks like this package (or a package it requires) has a startup
message which cannot be suppressed: see ?packageStartupMessage.
Flavor: r-devel-linux-x86_64-fedora-clang