Last updated on 2025-11-25 17:49:45 CET.
| Flavor | Version | Tinstall | Tcheck | Ttotal | Status | Flags |
|---|---|---|---|---|---|---|
| r-devel-linux-x86_64-debian-clang | 0.2.0.4 | 1509.48 | 185.18 | 1694.66 | OK | |
| r-devel-linux-x86_64-debian-gcc | 0.2.0.4 | 1274.39 | 249.44 | 1523.83 | OK | |
| r-devel-linux-x86_64-fedora-clang | 0.2.0.4 | 3360.00 | -704.05 | 2655.95 | OK | |
| r-devel-linux-x86_64-fedora-gcc | 0.2.0.4 | 4440.00 | -645.64 | 3794.36 | OK | |
| r-devel-windows-x86_64 | 0.2.0.4 | 1745.00 | 315.00 | 2060.00 | OK | |
| r-patched-linux-x86_64 | 0.2.0.4 | 1844.35 | 344.85 | 2189.20 | OK | |
| r-release-linux-x86_64 | 0.2.0.4 | 1769.25 | 346.19 | 2115.44 | OK | |
| r-release-macos-arm64 | 0.2.0.4 | OK | ||||
| r-release-macos-x86_64 | 0.2.0.4 | 436.00 | 85.00 | 521.00 | OK | |
| r-release-windows-x86_64 | 0.2.0.4 | 1700.00 | 354.00 | 2054.00 | OK | |
| r-oldrel-macos-arm64 | 0.2.0.4 | NOTE | ||||
| r-oldrel-macos-x86_64 | 0.2.0.4 | 441.00 | 106.00 | 547.00 | NOTE | |
| r-oldrel-windows-x86_64 | 0.2.0.4 | 1898.00 | 397.00 | 2295.00 | NOTE |
Version: 0.2.0.4
Check: installed package size
Result: NOTE
installed size is 168.4Mb
sub-directories of 1Mb or more:
libs 167.9Mb
Flavors: r-oldrel-macos-arm64, r-oldrel-macos-x86_64, r-oldrel-windows-x86_64
Version: 0.2.0.4
Check: for GNU extensions in Makefiles
Result: NOTE
GNU make is a SystemRequirements.
Flavors: r-oldrel-macos-arm64, r-oldrel-macos-x86_64, r-oldrel-windows-x86_64