Last updated on 2025-11-04 06:49:32 CET.
| Flavor | Version | Tinstall | Tcheck | Ttotal | Status | Flags | 
|---|---|---|---|---|---|---|
| r-devel-linux-x86_64-debian-clang | 0.9.1 | 9.36 | 74.32 | 83.68 | NOTE | |
| r-devel-linux-x86_64-debian-gcc | 0.9.1 | 5.76 | 53.47 | 59.23 | NOTE | |
| r-devel-linux-x86_64-fedora-clang | 0.9.1 | 34.00 | 103.65 | 137.65 | NOTE | |
| r-devel-linux-x86_64-fedora-gcc | 0.9.1 | 38.00 | 90.99 | 128.99 | NOTE | |
| r-devel-windows-x86_64 | 0.9.1 | 12.00 | 84.00 | 96.00 | NOTE | |
| r-patched-linux-x86_64 | 0.9.1 | 8.89 | 69.40 | 78.29 | NOTE | |
| r-release-linux-x86_64 | 0.9.1 | 8.56 | 70.75 | 79.31 | NOTE | |
| r-release-macos-arm64 | 0.9.1 | 4.00 | 35.00 | 39.00 | NOTE | |
| r-release-macos-x86_64 | 0.9.1 | 13.00 | 91.00 | 104.00 | NOTE | |
| r-release-windows-x86_64 | 0.9.1 | 12.00 | 83.00 | 95.00 | NOTE | |
| r-oldrel-macos-arm64 | 0.9.1 | 4.00 | 30.00 | 34.00 | NOTE | |
| r-oldrel-macos-x86_64 | 0.9.1 | 12.00 | 76.00 | 88.00 | NOTE | |
| r-oldrel-windows-x86_64 | 0.9.1 | 15.00 | 107.00 | 122.00 | NOTE | 
Version: 0.9.1
Check: Rd files
Result: NOTE
  checkRd: (-1) tpcExample.Rd:30: Escaped LaTeX specials: \&
Flavors: r-devel-linux-x86_64-debian-clang, r-devel-linux-x86_64-debian-gcc, r-devel-linux-x86_64-fedora-clang, r-devel-linux-x86_64-fedora-gcc, r-devel-windows-x86_64, r-patched-linux-x86_64, r-release-linux-x86_64, r-release-macos-arm64, r-release-macos-x86_64, r-release-windows-x86_64, r-oldrel-macos-arm64, r-oldrel-macos-x86_64, r-oldrel-windows-x86_64