Last updated on 2025-02-05 17:49:52 CET.
Flavor | Version | Tinstall | Tcheck | Ttotal | Status | Flags |
---|---|---|---|---|---|---|
r-devel-linux-x86_64-debian-clang | 1.0.2 | 3.52 | 34.24 | 37.76 | OK | |
r-devel-linux-x86_64-debian-gcc | 1.0.2 | 2.38 | 24.42 | 26.80 | OK | |
r-devel-linux-x86_64-fedora-clang | 1.0.2 | 65.58 | NOTE | |||
r-devel-linux-x86_64-fedora-gcc | 1.0.2 | 56.51 | NOTE | |||
r-devel-windows-x86_64 | 1.0.2 | 6.00 | 50.00 | 56.00 | OK | |
r-patched-linux-x86_64 | 1.0.2 | 3.54 | 31.77 | 35.31 | OK | |
r-release-linux-x86_64 | 1.0.2 | 3.35 | 32.36 | 35.71 | OK | |
r-release-macos-arm64 | 1.0.2 | 21.00 | OK | |||
r-release-macos-x86_64 | 1.0.2 | 41.00 | OK | |||
r-release-windows-x86_64 | 1.0.2 | 5.00 | 51.00 | 56.00 | OK | |
r-oldrel-macos-arm64 | 1.0.2 | 20.00 | OK | |||
r-oldrel-macos-x86_64 | 1.0.2 | 30.00 | OK | |||
r-oldrel-windows-x86_64 | 1.0.2 | 6.00 | 57.00 | 63.00 | OK |
Version: 1.0.2
Check: dependencies in R code
Result: NOTE
Namespaces in Imports field not imported from:
‘epitools’ ‘forcats’ ‘purrr’
All declared Imports should be used.
Flavors: r-devel-linux-x86_64-fedora-clang, r-devel-linux-x86_64-fedora-gcc