Last updated on 2025-11-04 06:49:32 CET.
| Flavor | Version | Tinstall | Tcheck | Ttotal | Status | Flags | 
|---|---|---|---|---|---|---|
| r-devel-linux-x86_64-debian-clang | 2.0.2 | 2.80 | 26.40 | 29.20 | NOTE | |
| r-devel-linux-x86_64-debian-gcc | 2.0.2 | 1.86 | 20.92 | 22.78 | NOTE | |
| r-devel-linux-x86_64-fedora-clang | 2.0.2 | 42.79 | OK | |||
| r-devel-linux-x86_64-fedora-gcc | 2.0.2 | 11.00 | 33.72 | 44.72 | OK | |
| r-devel-windows-x86_64 | 2.0.2 | 3.00 | 44.00 | 47.00 | OK | |
| r-patched-linux-x86_64 | 2.0.2 | 2.84 | 25.68 | 28.52 | OK | |
| r-release-linux-x86_64 | 2.0.2 | 2.41 | 24.93 | 27.34 | OK | |
| r-release-macos-arm64 | 2.0.2 | 2.00 | 17.00 | 19.00 | OK | |
| r-release-macos-x86_64 | 2.0.2 | 2.00 | 26.00 | 28.00 | OK | |
| r-release-windows-x86_64 | 2.0.2 | 3.00 | 43.00 | 46.00 | OK | |
| r-oldrel-macos-arm64 | 2.0.2 | 2.00 | 20.00 | 22.00 | OK | |
| r-oldrel-macos-x86_64 | 2.0.2 | 2.00 | 23.00 | 25.00 | OK | |
| r-oldrel-windows-x86_64 | 2.0.2 | 3.00 | 49.00 | 52.00 | OK | 
Version: 2.0.2
Check: CRAN incoming feasibility
Result: NOTE
  Maintainer: ‘Hyungsuk Tak <hyungsuk.tak@gmail.com>’
  
  No Authors@R field in DESCRIPTION.
  Please add one, modifying
    Authors@R: c(person(given = "Hyungsuk",
                        family = "Tak",
                        role = c("aut", "cre"),
                        email = "hyungsuk.tak@gmail.com"),
                 person(given = "Henghsiu",
                        family = "Tsai",
                        role = "aut"),
                 person(given = "Kisung",
                        family = "You",
                        role = "aut"))
  as necessary.
Flavors: r-devel-linux-x86_64-debian-clang, r-devel-linux-x86_64-debian-gcc