CRAN Package Check Results for Package camtrapR

Last updated on 2025-02-05 17:49:52 CET.

Flavor Version Tinstall Tcheck Ttotal Status Flags
r-devel-linux-x86_64-debian-clang 2.3.0 56.02 441.49 497.51 NOTE
r-devel-linux-x86_64-debian-gcc 2.3.0 36.62 282.10 318.72 NOTE
r-devel-linux-x86_64-fedora-clang 2.3.0 838.60 NOTE
r-devel-linux-x86_64-fedora-gcc 2.3.0 787.32 NOTE
r-devel-windows-x86_64 2.3.0 50.00 311.00 361.00 NOTE
r-patched-linux-x86_64 2.3.0 55.74 408.13 463.87 NOTE
r-release-linux-x86_64 2.3.0 46.16 405.41 451.57 NOTE
r-release-macos-arm64 2.3.0 147.00 NOTE
r-release-macos-x86_64 2.3.0 250.00 NOTE
r-release-windows-x86_64 2.3.0 48.00 311.00 359.00 NOTE
r-oldrel-macos-arm64 2.3.0 157.00 NOTE
r-oldrel-macos-x86_64 2.3.0 348.00 NOTE
r-oldrel-windows-x86_64 2.3.0 61.00 441.00 502.00 NOTE

Check Details

Version: 2.3.0
Check: Rd cross-references
Result: NOTE Found the following Rd file(s) with Rd \link{} targets missing package anchors: plot_coef-commOccu-method.Rd: fit plot_effects-commOccu-method.Rd: fit predict-commOccu-method.Rd: fit Please provide package anchors for all Rd \link{} targets not in the package itself and the base packages. Unknown package ‘taxize’ in Rd xrefs Flavors: r-devel-linux-x86_64-debian-clang, r-devel-linux-x86_64-debian-gcc

Version: 2.3.0
Check: Rd cross-references
Result: NOTE Undeclared package ‘plotrix’ in Rd xrefs Unknown package ‘taxize’ in Rd xrefs Flavor: r-devel-linux-x86_64-fedora-clang

Version: 2.3.0
Check: Rd cross-references
Result: NOTE Unknown package ‘taxize’ in Rd xrefs Flavors: r-devel-linux-x86_64-fedora-gcc, r-patched-linux-x86_64, r-release-linux-x86_64

Version: 2.3.0
Check: Rd cross-references
Result: NOTE Found the following Rd file(s) with Rd \link{} targets missing package anchors: plot_coef-commOccu-method.Rd: fit plot_effects-commOccu-method.Rd: fit predict-commOccu-method.Rd: fit Please provide package anchors for all Rd \link{} targets not in the package itself and the base packages. Flavor: r-devel-windows-x86_64

Version: 2.3.0
Check: package dependencies
Result: NOTE Package suggested but not available for checking: ‘taxize’ Flavors: r-patched-linux-x86_64, r-release-linux-x86_64

Version: 2.3.0
Check: installed package size
Result: NOTE installed size is 7.4Mb sub-directories of 1Mb or more: doc 2.2Mb pictures 4.1Mb Flavors: r-release-macos-arm64, r-release-macos-x86_64, r-release-windows-x86_64, r-oldrel-macos-arm64, r-oldrel-macos-x86_64, r-oldrel-windows-x86_64