Last updated on 2025-11-26 05:51:29 CET.
| Flavor | Version | Tinstall | Tcheck | Ttotal | Status | Flags |
|---|---|---|---|---|---|---|
| r-devel-linux-x86_64-debian-clang | 2.1.0 | 5.86 | 68.05 | 73.91 | NOTE | |
| r-devel-linux-x86_64-debian-gcc | 2.1.0 | 3.84 | 46.26 | 50.10 | NOTE | |
| r-devel-linux-x86_64-fedora-clang | 2.1.0 | 12.00 | 104.24 | 116.24 | OK | |
| r-devel-linux-x86_64-fedora-gcc | 2.1.0 | 12.00 | 99.42 | 111.42 | OK | |
| r-devel-windows-x86_64 | 2.1.0 | 10.00 | 104.00 | 114.00 | OK | |
| r-patched-linux-x86_64 | 2.1.0 | 7.09 | 63.01 | 70.10 | OK | |
| r-release-linux-x86_64 | 2.1.0 | 5.36 | 64.96 | 70.32 | OK | |
| r-release-macos-arm64 | 2.1.0 | OK | ||||
| r-release-macos-x86_64 | 2.1.0 | 5.00 | 53.00 | 58.00 | OK | |
| r-release-windows-x86_64 | 2.1.0 | 6.00 | 121.00 | 127.00 | OK | |
| r-oldrel-macos-arm64 | 2.1.0 | OK | ||||
| r-oldrel-macos-x86_64 | 2.1.0 | 4.00 | 43.00 | 47.00 | OK | |
| r-oldrel-windows-x86_64 | 2.1.0 | 7.00 | 132.00 | 139.00 | OK |
Version: 2.1.0
Check: CRAN incoming feasibility
Result: NOTE
Maintainer: ‘Trevor Ringrose <t.j.ringrose@cranfield.ac.uk>’
No Authors@R field in DESCRIPTION.
Please add one, modifying
Authors@R: person(given = "Trevor",
family = "Ringrose",
role = c("aut", "cre"),
email = "t.j.ringrose@cranfield.ac.uk")
as necessary.
Flavors: r-devel-linux-x86_64-debian-clang, r-devel-linux-x86_64-debian-gcc