Last updated on 2024-08-16 06:49:57 CEST.
Flavor | Version | Tinstall | Tcheck | Ttotal | Status | Flags |
---|---|---|---|---|---|---|
r-devel-linux-x86_64-debian-clang | 1.18.2 | 5.68 | 32.39 | 38.07 | NOTE | |
r-devel-linux-x86_64-debian-gcc | 1.18.2 | 4.11 | 23.73 | 27.84 | NOTE | |
r-devel-linux-x86_64-fedora-clang | 1.18.2 | 61.35 | NOTE | |||
r-devel-linux-x86_64-fedora-gcc | 1.18.2 | 60.65 | NOTE | |||
r-devel-windows-x86_64 | 1.18.2 | 10.00 | 58.00 | 68.00 | NOTE | |
r-patched-linux-x86_64 | 1.18.2 | 5.85 | 31.01 | 36.86 | NOTE | |
r-release-linux-x86_64 | 1.18.2 | 5.09 | 31.14 | 36.23 | NOTE | |
r-release-macos-arm64 | 1.18.2 | 20.00 | NOTE | |||
r-release-macos-x86_64 | 1.18.2 | 29.00 | NOTE | |||
r-release-windows-x86_64 | 1.18.2 | 10.00 | 59.00 | 69.00 | NOTE | |
r-oldrel-macos-arm64 | 1.18.2 | 26.00 | OK | |||
r-oldrel-macos-x86_64 | 1.18.2 | 41.00 | OK | |||
r-oldrel-windows-x86_64 | 1.18.2 | 9.00 | 61.00 | 70.00 | OK |
Version: 1.18.2
Check: Rd files
Result: NOTE
checkRd: (-1) colAUC.Rd:79: Lost braces
79 | Meteorol. Soc. textbf{30} 291-303.
| ^
Flavors: r-devel-linux-x86_64-debian-clang, r-devel-linux-x86_64-debian-gcc, r-devel-linux-x86_64-fedora-clang, r-devel-linux-x86_64-fedora-gcc, r-devel-windows-x86_64, r-patched-linux-x86_64, r-release-linux-x86_64, r-release-macos-arm64, r-release-macos-x86_64, r-release-windows-x86_64
Version: 1.18.2
Check: Rd cross-references
Result: NOTE
Undeclared packages ‘pixmap’, ‘XML’, ‘exactRankTests’, ‘coin’, ‘ROCR’, ‘Epi’, ‘verification’, ‘Hmisc’, ‘gtools’, ‘magic’, ‘zoo’ in Rd xrefs
Flavor: r-devel-linux-x86_64-fedora-clang