Last updated on 2025-02-10 17:49:07 CET.
Flavor | Version | Tinstall | Tcheck | Ttotal | Status | Flags |
---|---|---|---|---|---|---|
r-devel-linux-x86_64-debian-clang | 0.1.0 | 1.37 | 19.06 | 20.43 | NOTE | |
r-devel-linux-x86_64-debian-gcc | 0.1.0 | 1.41 | 15.72 | 17.13 | NOTE | |
r-devel-linux-x86_64-fedora-clang | 0.1.0 | 34.84 | NOTE | |||
r-devel-linux-x86_64-fedora-gcc | 0.1.0 | 32.17 | NOTE | |||
r-devel-windows-x86_64 | 0.1.0 | 4.00 | 42.00 | 46.00 | NOTE | |
r-patched-linux-x86_64 | 0.1.0 | 1.80 | 19.17 | 20.97 | OK | |
r-release-linux-x86_64 | 0.1.0 | 1.68 | 18.35 | 20.03 | OK | |
r-release-macos-arm64 | 0.1.0 | 16.00 | OK | |||
r-release-macos-x86_64 | 0.1.0 | 23.00 | OK | |||
r-release-windows-x86_64 | 0.1.0 | 4.00 | 40.00 | 44.00 | OK | |
r-oldrel-macos-arm64 | 0.1.0 | 16.00 | OK | |||
r-oldrel-macos-x86_64 | 0.1.0 | 31.00 | OK | |||
r-oldrel-windows-x86_64 | 0.1.0 | 3.00 | 44.00 | 47.00 | OK |
Version: 0.1.0
Check: DESCRIPTION meta-information
Result: NOTE
Missing dependency on R >= 4.1.0 because package code uses the pipe
|> or function shorthand \(...) syntax added in R 4.1.0.
File(s) using such syntax:
‘get_data_from_bursa.R’ ‘list_data_names.R’
Flavors: r-devel-linux-x86_64-debian-clang, r-devel-linux-x86_64-debian-gcc, r-devel-linux-x86_64-fedora-clang, r-devel-linux-x86_64-fedora-gcc, r-devel-windows-x86_64