Last updated on 2025-02-10 17:49:07 CET.
Flavor | Version | Tinstall | Tcheck | Ttotal | Status | Flags |
---|---|---|---|---|---|---|
r-devel-linux-x86_64-debian-clang | 0.9.10 | 89.91 | 98.96 | 188.87 | NOTE | |
r-devel-linux-x86_64-debian-gcc | 0.9.10 | 73.31 | 73.65 | 146.96 | NOTE | |
r-devel-linux-x86_64-fedora-clang | 0.9.10 | 360.54 | OK | |||
r-devel-linux-x86_64-fedora-gcc | 0.9.10 | 395.48 | OK | |||
r-devel-windows-x86_64 | 0.9.10 | 106.00 | 158.00 | 264.00 | NOTE | |
r-patched-linux-x86_64 | 0.9.10 | 108.02 | 97.79 | 205.81 | OK | |
r-release-linux-x86_64 | 0.9.10 | 97.26 | 96.44 | 193.70 | OK | |
r-release-macos-arm64 | 0.9.10 | 82.00 | NOTE | |||
r-release-macos-x86_64 | 0.9.10 | 123.00 | NOTE | |||
r-release-windows-x86_64 | 0.9.10 | 106.00 | 158.00 | 264.00 | NOTE | |
r-oldrel-macos-arm64 | 0.9.10 | 87.00 | NOTE | |||
r-oldrel-macos-x86_64 | 0.9.10 | 161.00 | NOTE | |||
r-oldrel-windows-x86_64 | 0.9.10 | 127.00 | 272.00 | 399.00 | NOTE |
Version: 0.9.10
Check: Rd cross-references
Result: NOTE
Found the following Rd file(s) with Rd \link{} targets missing package
anchors:
add.dynamic.regression.Rd: SdPrior
add.monthly.annual.cycle.Rd: zoo
bsts.Rd: zoo
descriptive-plots.Rd: zoo, yearmon
mbsts.Rd: SpikeSlabPrior
plot.bsts.mixed.Rd: TimeSeriesBoxplot
to.posixt.Rd: yearmon
wide.to.long.Rd: zoo
Please provide package anchors for all Rd \link{} targets not in the
package itself and the base packages.
Flavors: r-devel-linux-x86_64-debian-clang, r-devel-linux-x86_64-debian-gcc, r-devel-windows-x86_64
Version: 0.9.10
Check: installed package size
Result: NOTE
installed size is 110.8Mb
sub-directories of 1Mb or more:
libs 109.9Mb
Flavors: r-release-macos-arm64, r-release-macos-x86_64, r-release-windows-x86_64, r-oldrel-macos-arm64, r-oldrel-macos-x86_64, r-oldrel-windows-x86_64