Last updated on 2024-06-15 17:57:29 CEST.
Flavor | Version | Tinstall | Tcheck | Ttotal | Status | Flags |
---|---|---|---|---|---|---|
r-devel-linux-x86_64-debian-clang | 2.0.2 | 776.81 | 521.97 | 1298.78 | OK | |
r-devel-linux-x86_64-debian-gcc | 2.0.2 | 533.37 | 310.71 | 844.08 | OK | |
r-devel-linux-x86_64-fedora-clang | 2.0.2 | 1826.39 | NOTE | |||
r-devel-linux-x86_64-fedora-gcc | 2.0.2 | 1837.23 | OK | |||
r-devel-windows-x86_64 | 2.0.2 | 565.00 | 420.00 | 985.00 | NOTE | |
r-patched-linux-x86_64 | 2.0.2 | 655.03 | 426.74 | 1081.77 | OK | |
r-release-linux-x86_64 | 2.0.2 | 588.02 | 423.60 | 1011.62 | OK | |
r-release-macos-arm64 | 2.0.2 | 320.00 | NOTE | |||
r-release-macos-x86_64 | 2.0.2 | 386.00 | NOTE | |||
r-release-windows-x86_64 | 2.0.2 | 590.00 | 435.00 | 1025.00 | NOTE | |
r-oldrel-macos-arm64 | 2.0.2 | 348.00 | NOTE | |||
r-oldrel-macos-x86_64 | 2.0.2 | 561.00 | NOTE | |||
r-oldrel-windows-x86_64 | 2.0.2 | 707.00 | 486.00 | 1193.00 | NOTE |
Version: 2.0.2
Check: installed package size
Result: NOTE
installed size is 7.1Mb
sub-directories of 1Mb or more:
data 1.1Mb
doc 2.8Mb
libs 2.6Mb
Flavors: r-devel-linux-x86_64-fedora-clang, r-devel-windows-x86_64, r-release-macos-arm64, r-release-macos-x86_64, r-release-windows-x86_64, r-oldrel-macos-arm64, r-oldrel-macos-x86_64, r-oldrel-windows-x86_64