Last updated on 2025-11-26 05:51:29 CET.
| Flavor | Version | Tinstall | Tcheck | Ttotal | Status | Flags |
|---|---|---|---|---|---|---|
| r-devel-linux-x86_64-debian-clang | 1.2 | 8.68 | 80.22 | 88.90 | NOTE | |
| r-devel-linux-x86_64-debian-gcc | 1.2 | 6.09 | 59.69 | 65.78 | NOTE | |
| r-devel-linux-x86_64-fedora-clang | 1.2 | 22.00 | 117.37 | 139.37 | OK | |
| r-devel-linux-x86_64-fedora-gcc | 1.2 | 23.00 | 107.77 | 130.77 | OK | |
| r-devel-windows-x86_64 | 1.2 | 13.00 | 90.00 | 103.00 | OK | |
| r-patched-linux-x86_64 | 1.2 | 10.01 | 76.52 | 86.53 | OK | |
| r-release-linux-x86_64 | 1.2 | 8.14 | 75.95 | 84.09 | OK | |
| r-release-macos-arm64 | 1.2 | OK | ||||
| r-release-macos-x86_64 | 1.2 | 11.00 | 85.00 | 96.00 | OK | |
| r-release-windows-x86_64 | 1.2 | 11.00 | 105.00 | 116.00 | OK | |
| r-oldrel-macos-arm64 | 1.2 | OK | ||||
| r-oldrel-macos-x86_64 | 1.2 | 12.00 | 87.00 | 99.00 | OK | |
| r-oldrel-windows-x86_64 | 1.2 | 15.00 | 115.00 | 130.00 | OK |
Version: 1.2
Check: CRAN incoming feasibility
Result: NOTE
Maintainer: ‘Paola Rebora <paola.rebora@unimib.it>’
No Authors@R field in DESCRIPTION.
Please add one, modifying
Authors@R: c(person(given = c("Paola", "Rebora,Agus"),
family = "Salim",
role = "aut"),
person(given = "Marie",
family = "Reilly",
role = "aut"),
person(given = "Paola",
family = "Rebora",
role = "cre",
email = "paola.rebora@unimib.it"))
as necessary.
Flavors: r-devel-linux-x86_64-debian-clang, r-devel-linux-x86_64-debian-gcc