Last updated on 2024-06-15 17:57:29 CEST.
Flavor | Version | Tinstall | Tcheck | Ttotal | Status | Flags |
---|---|---|---|---|---|---|
r-devel-linux-x86_64-debian-clang | 1.6.0 | 11.30 | 78.38 | 89.68 | NOTE | |
r-devel-linux-x86_64-debian-gcc | 1.6.0 | 7.52 | 58.21 | 65.73 | NOTE | |
r-devel-linux-x86_64-fedora-clang | 1.6.0 | 109.24 | NOTE | |||
r-devel-linux-x86_64-fedora-gcc | 1.6.0 | 104.18 | NOTE | |||
r-devel-windows-x86_64 | 1.6.0 | 7.00 | 72.00 | 79.00 | NOTE | |
r-patched-linux-x86_64 | 1.6.0 | 15.50 | 75.88 | 91.38 | NOTE | |
r-release-linux-x86_64 | 1.6.0 | 10.29 | 74.63 | 84.92 | NOTE | |
r-release-macos-arm64 | 1.6.0 | 47.00 | NOTE | |||
r-release-macos-x86_64 | 1.6.0 | 54.00 | NOTE | |||
r-release-windows-x86_64 | 1.6.0 | 8.00 | 66.00 | 74.00 | NOTE | |
r-oldrel-macos-arm64 | 1.6.0 | 31.00 | NOTE | |||
r-oldrel-macos-x86_64 | 1.6.0 | 54.00 | NOTE | |||
r-oldrel-windows-x86_64 | 1.6.0 | 9.00 | 74.00 | 83.00 | NOTE |
Version: 1.6.0
Check: LazyData
Result: NOTE
'LazyData' is specified without a 'data' directory
Flavors: r-devel-linux-x86_64-debian-clang, r-devel-linux-x86_64-debian-gcc, r-devel-linux-x86_64-fedora-clang, r-devel-linux-x86_64-fedora-gcc, r-devel-windows-x86_64, r-patched-linux-x86_64, r-release-linux-x86_64, r-release-macos-arm64, r-release-macos-x86_64, r-release-windows-x86_64, r-oldrel-macos-arm64, r-oldrel-macos-x86_64, r-oldrel-windows-x86_64