Last updated on 2025-11-04 13:50:10 CET.
| Flavor | Version | Tinstall | Tcheck | Ttotal | Status | Flags |
|---|---|---|---|---|---|---|
| r-devel-linux-x86_64-debian-clang | 0.4.1 | 7.89 | 116.50 | 124.39 | NOTE | |
| r-devel-linux-x86_64-debian-gcc | 0.4.1 | 5.92 | 82.83 | 88.75 | NOTE | |
| r-devel-linux-x86_64-fedora-clang | 0.4.1 | 28.00 | 172.38 | 200.38 | OK | |
| r-devel-linux-x86_64-fedora-gcc | 0.4.1 | 18.00 | 187.13 | 205.13 | OK | |
| r-devel-windows-x86_64 | 0.4.1 | 11.00 | 112.00 | 123.00 | OK | |
| r-patched-linux-x86_64 | 0.4.1 | 8.41 | 110.86 | 119.27 | OK | |
| r-release-linux-x86_64 | 0.4.1 | 6.87 | 111.94 | 118.81 | OK | |
| r-release-macos-arm64 | 0.4.1 | 5.00 | 75.00 | 80.00 | OK | |
| r-release-macos-x86_64 | 0.4.1 | 6.00 | 105.00 | 111.00 | OK | |
| r-release-windows-x86_64 | 0.4.1 | 10.00 | 111.00 | 121.00 | OK | |
| r-oldrel-macos-arm64 | 0.4.1 | 3.00 | 48.00 | 51.00 | OK | |
| r-oldrel-macos-x86_64 | 0.4.1 | 5.00 | 75.00 | 80.00 | OK | |
| r-oldrel-windows-x86_64 | 0.4.1 | 14.00 | 142.00 | 156.00 | OK |
Version: 0.4.1
Check: CRAN incoming feasibility
Result: NOTE
Maintainer: ‘Zhengguo Xu <zhengguoxu@gmail.com>’
Package CITATION file contains call(s) to old-style personList() or
as.personList(). Please use c() on person objects instead.
Package CITATION file contains call(s) to old-style citEntry(). Please
use bibentry() instead.
Flavors: r-devel-linux-x86_64-debian-clang, r-devel-linux-x86_64-debian-gcc