Last updated on 2025-06-30 18:49:36 CEST.
Flavor | Version | Tinstall | Tcheck | Ttotal | Status | Flags |
---|---|---|---|---|---|---|
r-devel-linux-x86_64-debian-clang | 0.1.1 | 59.35 | 556.58 | 615.93 | OK | |
r-devel-linux-x86_64-debian-gcc | 0.1.1 | 40.80 | 496.12 | 536.92 | OK | |
r-devel-linux-x86_64-fedora-clang | 0.1.1 | 899.47 | OK | |||
r-devel-linux-x86_64-fedora-gcc | 0.1.1 | 999.70 | OK | |||
r-devel-windows-x86_64 | 0.1.1 | 62.00 | 841.00 | 903.00 | OK | |
r-patched-linux-x86_64 | OK | |||||
r-release-linux-x86_64 | 0.1.1 | 52.25 | 621.60 | 673.85 | OK | |
r-release-macos-arm64 | 0.1.1 | 270.00 | OK | |||
r-release-macos-x86_64 | 0.1.1 | 653.00 | OK | |||
r-release-windows-x86_64 | 0.1.1 | 60.00 | 786.00 | 846.00 | OK | |
r-oldrel-macos-arm64 | 0.1.1 | 156.00 | NOTE | |||
r-oldrel-macos-x86_64 | 0.1.1 | 282.00 | NOTE | |||
r-oldrel-windows-x86_64 | 0.1.1 | 81.00 | 650.00 | 731.00 | NOTE |
Version: 0.1.1
Check: installed package size
Result: NOTE
installed size is 10.3Mb
sub-directories of 1Mb or more:
data 8.4Mb
libs 1.3Mb
Flavors: r-oldrel-macos-arm64, r-oldrel-macos-x86_64, r-oldrel-windows-x86_64