Last updated on 2024-06-29 06:49:37 CEST.
Flavor | Version | Tinstall | Tcheck | Ttotal | Status | Flags |
---|---|---|---|---|---|---|
r-devel-linux-x86_64-debian-clang | 0.1.0 | 100.27 | 752.56 | 852.83 | OK | |
r-devel-linux-x86_64-debian-gcc | 0.1.0 | 75.89 | 620.47 | 696.36 | OK | |
r-devel-linux-x86_64-fedora-clang | 0.1.0 | 990.65 | NOTE | |||
r-devel-linux-x86_64-fedora-gcc | 0.1.0 | 1241.44 | OK | |||
r-devel-windows-x86_64 | 0.1.0 | 73.00 | 498.00 | 571.00 | NOTE | |
r-patched-linux-x86_64 | 0.1.0 | 62.03 | 793.46 | 855.49 | OK | |
r-release-linux-x86_64 | 0.1.0 | 66.14 | 794.06 | 860.20 | OK | |
r-release-macos-arm64 | 0.1.0 | 248.00 | NOTE | |||
r-release-macos-x86_64 | 0.1.0 | 624.00 | NOTE | |||
r-release-windows-x86_64 | 0.1.0 | 72.00 | 497.00 | 569.00 | NOTE | |
r-oldrel-macos-arm64 | 0.1.0 | 286.00 | NOTE | |||
r-oldrel-macos-x86_64 | 0.1.0 | 545.00 | NOTE | |||
r-oldrel-windows-x86_64 | 0.1.0 | 91.00 | 649.00 | 740.00 | NOTE |
Version: 0.1.0
Check: installed package size
Result: NOTE
installed size is 8.5Mb
sub-directories of 1Mb or more:
data 7.7Mb
Flavors: r-devel-linux-x86_64-fedora-clang, r-devel-windows-x86_64, r-release-macos-arm64, r-release-macos-x86_64, r-release-windows-x86_64, r-oldrel-macos-arm64, r-oldrel-macos-x86_64, r-oldrel-windows-x86_64