Last updated on 2024-06-15 17:57:29 CEST.
Flavor | Version | Tinstall | Tcheck | Ttotal | Status | Flags |
---|---|---|---|---|---|---|
r-devel-linux-x86_64-debian-clang | 1.1.1 | 10.59 | 76.48 | 87.07 | OK | |
r-devel-linux-x86_64-debian-gcc | 1.1.1 | 7.53 | 56.69 | 64.22 | OK | |
r-devel-linux-x86_64-fedora-clang | 1.1.1 | 111.62 | NOTE | |||
r-devel-linux-x86_64-fedora-gcc | 1.1.1 | 106.59 | NOTE | |||
r-devel-windows-x86_64 | 1.1.1 | 10.00 | 73.00 | 83.00 | OK | |
r-patched-linux-x86_64 | 1.1.1 | 10.68 | 72.00 | 82.68 | OK | |
r-release-linux-x86_64 | 1.1.1 | 6.34 | 72.36 | 78.70 | OK | |
r-release-macos-arm64 | 1.1.1 | 32.00 | OK | |||
r-release-macos-x86_64 | 1.1.1 | 71.00 | OK | |||
r-release-windows-x86_64 | 1.1.1 | 12.00 | 88.00 | 100.00 | OK | |
r-oldrel-macos-arm64 | 1.1.1 | 37.00 | OK | |||
r-oldrel-macos-x86_64 | 1.1.1 | 65.00 | OK | |||
r-oldrel-windows-x86_64 | 1.1.1 | 12.00 | 88.00 | 100.00 | OK |
Version: 1.1.1
Check: data for non-ASCII characters
Result: NOTE
Note: found 21550 marked UTF-8 strings
Flavors: r-devel-linux-x86_64-fedora-clang, r-devel-linux-x86_64-fedora-gcc