Last updated on 2025-11-26 05:51:29 CET.
| Flavor | Version | Tinstall | Tcheck | Ttotal | Status | Flags |
|---|---|---|---|---|---|---|
| r-devel-linux-x86_64-debian-clang | 0.8.2 | 0.37 | 3.07 | 3.44 | ERROR | |
| r-devel-linux-x86_64-debian-gcc | 0.8.2 | 0.33 | 2.16 | 2.49 | ERROR | |
| r-devel-linux-x86_64-fedora-clang | 0.8.2 | 3.12 | ERROR | |||
| r-devel-linux-x86_64-fedora-gcc | 0.8.2 | 3.06 | ERROR | |||
| r-devel-windows-x86_64 | 0.8.2 | 546.00 | 499.00 | 1045.00 | OK | |
| r-patched-linux-x86_64 | 0.8.2 | 546.30 | 583.79 | 1130.09 | OK | |
| r-release-linux-x86_64 | 0.8.2 | 538.55 | 584.95 | 1123.50 | OK | |
| r-release-macos-arm64 | 0.8.2 | OK | ||||
| r-release-macos-x86_64 | 0.8.2 | 141.00 | 207.00 | 348.00 | OK | |
| r-release-windows-x86_64 | 0.8.2 | 527.00 | 506.00 | 1033.00 | OK | |
| r-oldrel-macos-arm64 | 0.8.2 | NOTE | ||||
| r-oldrel-macos-x86_64 | 0.8.2 | 159.00 | 226.00 | 385.00 | NOTE | |
| r-oldrel-windows-x86_64 | 0.8.2 | 529.00 | 686.00 | 1215.00 | NOTE |
Version: 0.8.2
Check: package dependencies
Result: ERROR
Package required but not available: ‘CARBayes’
Package suggested but not available for checking: ‘INLA’
See section ‘The DESCRIPTION file’ in the ‘Writing R Extensions’
manual.
Flavors: r-devel-linux-x86_64-debian-clang, r-devel-linux-x86_64-debian-gcc
Version: 0.8.2
Check: package dependencies
Result: ERROR
Package required but not available: ‘CARBayes’
See section ‘The DESCRIPTION file’ in the ‘Writing R Extensions’
manual.
Flavors: r-devel-linux-x86_64-fedora-clang, r-devel-linux-x86_64-fedora-gcc
Version: 0.8.2
Check: package dependencies
Result: NOTE
Package suggested but not available for checking: ‘INLA’
Flavors: r-oldrel-macos-arm64, r-oldrel-macos-x86_64
Version: 0.8.2
Check: installed package size
Result: NOTE
installed size is 106.2Mb
sub-directories of 1Mb or more:
libs 102.8Mb
Flavors: r-oldrel-macos-arm64, r-oldrel-macos-x86_64, r-oldrel-windows-x86_64
Version: 0.8.2
Check: for GNU extensions in Makefiles
Result: NOTE
GNU make is a SystemRequirements.
Flavors: r-oldrel-macos-arm64, r-oldrel-macos-x86_64, r-oldrel-windows-x86_64