CRAN Package Check Results for Package bmscstan

Last updated on 2025-11-04 13:50:10 CET.

Flavor Version Tinstall Tcheck Ttotal Status Flags
r-devel-linux-x86_64-debian-clang 1.2.1.0 23.02 134.54 157.56 NOTE
r-devel-linux-x86_64-debian-gcc 1.2.1.0 18.32 100.77 119.09 NOTE
r-devel-linux-x86_64-fedora-clang 1.2.1.0 106.00 155.35 261.35 NOTE
r-devel-linux-x86_64-fedora-gcc 1.2.1.0 50.00 200.83 250.83 NOTE
r-devel-windows-x86_64 1.2.1.0 17.00 122.00 139.00 NOTE
r-patched-linux-x86_64 1.2.1.0 25.04 131.49 156.53 NOTE
r-release-linux-x86_64 1.2.1.0 24.73 128.28 153.01 NOTE
r-release-macos-arm64 1.2.1.0 6.00 61.00 67.00 NOTE
r-release-macos-x86_64 1.2.1.0 20.00 150.00 170.00 NOTE
r-release-windows-x86_64 1.2.1.0 17.00 119.00 136.00 NOTE
r-oldrel-macos-arm64 1.2.1.0 6.00 60.00 66.00 NOTE
r-oldrel-macos-x86_64 1.2.1.0 9.00 87.00 96.00 NOTE
r-oldrel-windows-x86_64 1.2.1.0 23.00 155.00 178.00 NOTE

Check Details

Version: 1.2.1.0
Check: CRAN incoming feasibility
Result: NOTE Maintainer: ‘Michele Scandola <michele.scandola@univr.it>’ The BugReports field in DESCRIPTION has https://github.com/michelescandola/bmscstan which should likely be https://github.com/michelescandola/bmscstan/issues instead. Flavors: r-devel-linux-x86_64-debian-clang, r-devel-linux-x86_64-debian-gcc

Version: 1.2.1.0
Check: Rd files
Result: NOTE checkRd: (-1) BMSC_pareto_k_table.Rd:54-56: Lost braces in \itemize; \value handles \item{}{} directly checkRd: (-1) BMSC_pareto_k_table.Rd:57-59: Lost braces in \itemize; \value handles \item{}{} directly checkRd: (-1) BMSC_pareto_k_table.Rd:60-63: Lost braces in \itemize; \value handles \item{}{} directly checkRd: (-1) BMSC_pareto_k_table.Rd:64-66: Lost braces in \itemize; \value handles \item{}{} directly checkRd: (-1) BMSC_pareto_k_table.Rd:67-71: Lost braces in \itemize; \value handles \item{}{} directly checkRd: (-1) BMSC_pareto_k_table.Rd:72-74: Lost braces in \itemize; \value handles \item{}{} directly Flavors: r-devel-linux-x86_64-debian-clang, r-devel-linux-x86_64-debian-gcc, r-devel-linux-x86_64-fedora-clang, r-devel-linux-x86_64-fedora-gcc, r-devel-windows-x86_64, r-patched-linux-x86_64, r-release-linux-x86_64, r-release-macos-arm64, r-release-macos-x86_64, r-release-windows-x86_64, r-oldrel-macos-arm64, r-oldrel-macos-x86_64, r-oldrel-windows-x86_64