Last updated on 2024-08-16 06:49:56 CEST.
Flavor | Version | Tinstall | Tcheck | Ttotal | Status | Flags |
---|---|---|---|---|---|---|
r-devel-linux-x86_64-debian-clang | 0.5-5 | 727.10 | 214.35 | 941.45 | NOTE | |
r-devel-linux-x86_64-debian-gcc | 0.5-5 | 513.01 | 165.61 | 678.62 | NOTE | |
r-devel-linux-x86_64-fedora-clang | 0.5-5 | 1170.78 | NOTE | |||
r-devel-linux-x86_64-fedora-gcc | 0.5-5 | 1562.18 | NOTE | |||
r-devel-windows-x86_64 | 0.5-5 | 465.00 | 236.00 | 701.00 | NOTE | |
r-patched-linux-x86_64 | 0.5-5 | 647.78 | 226.42 | 874.20 | NOTE | |
r-release-linux-x86_64 | 0.5-5 | 648.33 | 229.15 | 877.48 | NOTE | |
r-release-macos-arm64 | 0.5-5 | 341.00 | NOTE | |||
r-release-macos-x86_64 | 0.5-5 | 910.00 | NOTE | |||
r-release-windows-x86_64 | 0.5-5 | 483.00 | 236.00 | 719.00 | NOTE | |
r-oldrel-macos-arm64 | 0.5-5 | 344.00 | NOTE | |||
r-oldrel-macos-x86_64 | 0.5-5 | 688.00 | NOTE | |||
r-oldrel-windows-x86_64 | 0.5-5 | 711.00 | 305.00 | 1016.00 | NOTE |
Version: 0.5-5
Check: package dependencies
Result: NOTE
Package suggested but not available for checking: ‘cmdstanr’
Flavors: r-devel-linux-x86_64-debian-clang, r-devel-linux-x86_64-debian-gcc, r-devel-linux-x86_64-fedora-clang, r-devel-linux-x86_64-fedora-gcc, r-devel-windows-x86_64, r-patched-linux-x86_64, r-release-linux-x86_64, r-release-macos-arm64, r-release-macos-x86_64, r-release-windows-x86_64, r-oldrel-macos-arm64, r-oldrel-macos-x86_64, r-oldrel-windows-x86_64
Version: 0.5-5
Check: Rd cross-references
Result: NOTE
Found the following Rd file(s) with Rd \link{} targets missing package
anchors:
bcfa.Rd: lavaan, lavaan-class
bgrowth.Rd: lavaan
blavFitIndices.Rd: lavaan-class
blavInspect.Rd: lavaan, lavInspect
blavaan-class.Rd: standardizedSolution, fitMeasures
blavaan.Rd: lavaan, lavaan-class
bsem.Rd: lavaan, lavaan-class
ppmc.Rd: lavaan-class
Please provide package anchors for all Rd \link{} targets not in the
package itself and the base packages.
Flavors: r-devel-linux-x86_64-debian-clang, r-devel-linux-x86_64-debian-gcc, r-devel-windows-x86_64
Version: 0.5-5
Check: for GNU extensions in Makefiles
Result: NOTE
GNU make is a SystemRequirements.
Flavors: r-devel-linux-x86_64-debian-clang, r-devel-linux-x86_64-debian-gcc, r-devel-linux-x86_64-fedora-clang, r-devel-linux-x86_64-fedora-gcc, r-devel-windows-x86_64, r-patched-linux-x86_64, r-release-linux-x86_64, r-release-macos-arm64, r-release-macos-x86_64, r-release-windows-x86_64, r-oldrel-macos-arm64, r-oldrel-macos-x86_64, r-oldrel-windows-x86_64
Version: 0.5-5
Check: compilation flags used
Result: NOTE
Compilation used the following non-portable flag(s):
‘-multi_normal_suff(’
Flavors: r-devel-linux-x86_64-debian-gcc, r-patched-linux-x86_64, r-release-linux-x86_64
Version: 0.5-5
Check: installed package size
Result: NOTE
installed size is 11.5Mb
sub-directories of 1Mb or more:
R 1.2Mb
libs 8.6Mb
testdata 1.4Mb
Flavors: r-devel-linux-x86_64-fedora-clang, r-devel-windows-x86_64, r-release-macos-arm64, r-release-macos-x86_64, r-release-windows-x86_64, r-oldrel-macos-arm64, r-oldrel-macos-x86_64, r-oldrel-windows-x86_64