Last updated on 2024-08-16 06:49:56 CEST.
Flavor | Version | Tinstall | Tcheck | Ttotal | Status | Flags |
---|---|---|---|---|---|---|
r-devel-linux-x86_64-debian-clang | 1.1.46 | 53.55 | 102.51 | 156.06 | OK | |
r-devel-linux-x86_64-debian-gcc | 1.1.46 | 38.36 | 71.11 | 109.47 | OK | |
r-devel-linux-x86_64-fedora-clang | 1.1.46 | 257.77 | OK | |||
r-devel-linux-x86_64-fedora-gcc | 1.1.46 | 261.29 | OK | |||
r-devel-windows-x86_64 | 1.1.46 | 57.00 | 119.00 | 176.00 | OK | |
r-patched-linux-x86_64 | 1.1.46 | 57.56 | 96.38 | 153.94 | OK | |
r-release-linux-x86_64 | 1.1.46 | 55.03 | 96.48 | 151.51 | OK | |
r-release-macos-arm64 | 1.1.46 | 70.00 | NOTE | |||
r-release-macos-x86_64 | 1.1.46 | 119.00 | NOTE | |||
r-release-windows-x86_64 | 1.1.46 | 56.00 | 123.00 | 179.00 | OK | |
r-oldrel-macos-arm64 | 1.1.46 | 69.00 | NOTE | |||
r-oldrel-macos-x86_64 | 1.1.46 | 135.00 | NOTE | |||
r-oldrel-windows-x86_64 | 1.1.46 | 68.00 | 154.00 | 222.00 | OK |
Version: 1.1.46
Check: installed package size
Result: NOTE
installed size is 10.1Mb
sub-directories of 1Mb or more:
libs 9.5Mb
Flavors: r-release-macos-arm64, r-release-macos-x86_64, r-oldrel-macos-arm64, r-oldrel-macos-x86_64