Last updated on 2025-11-26 05:51:29 CET.
| Flavor | Version | Tinstall | Tcheck | Ttotal | Status | Flags |
|---|---|---|---|---|---|---|
| r-devel-linux-x86_64-debian-clang | 1.0.0 | 1.95 | 23.34 | 25.29 | OK | |
| r-devel-linux-x86_64-debian-gcc | 1.0.0 | 1.53 | 18.96 | 20.49 | OK | |
| r-devel-linux-x86_64-fedora-clang | 1.0.0 | 38.85 | OK | |||
| r-devel-linux-x86_64-fedora-gcc | 1.0.0 | 36.06 | OK | |||
| r-devel-windows-x86_64 | 1.0.0 | 5.00 | 43.00 | 48.00 | OK | |
| r-patched-linux-x86_64 | 1.0.0 | 2.33 | 21.89 | 24.22 | OK | |
| r-release-linux-x86_64 | 1.0.0 | 1.83 | 21.78 | 23.61 | OK | |
| r-release-macos-arm64 | 1.0.0 | OK | ||||
| r-release-macos-x86_64 | 1.0.0 | 3.00 | 34.00 | 37.00 | OK | |
| r-release-windows-x86_64 | 1.0.0 | 3.00 | 41.00 | 44.00 | OK | |
| r-oldrel-macos-arm64 | 1.0.0 | NOTE | ||||
| r-oldrel-macos-x86_64 | 1.0.0 | 2.00 | 21.00 | 23.00 | NOTE | |
| r-oldrel-windows-x86_64 | 1.0.0 | 5.00 | 48.00 | 53.00 | NOTE |
Version: 1.0.0
Check: LazyData
Result: NOTE
'LazyData' is specified without a 'data' directory
Flavors: r-oldrel-macos-arm64, r-oldrel-macos-x86_64, r-oldrel-windows-x86_64