Last updated on 2024-06-29 06:49:36 CEST.
Flavor | Version | Tinstall | Tcheck | Ttotal | Status | Flags |
---|---|---|---|---|---|---|
r-devel-linux-x86_64-debian-clang | 1.3.1 | 103.91 | 192.63 | 296.54 | OK | |
r-devel-linux-x86_64-debian-gcc | 1.3.1 | 63.94 | 135.12 | 199.06 | OK | |
r-devel-linux-x86_64-fedora-clang | 1.3.1 | 369.65 | OK | |||
r-devel-linux-x86_64-fedora-gcc | 1.3.1 | 373.13 | OK | |||
r-devel-windows-x86_64 | 1.3.1 | 73.00 | 166.00 | 239.00 | OK | |
r-patched-linux-x86_64 | 1.3.1 | 78.09 | 177.90 | 255.99 | OK | |
r-release-linux-x86_64 | 1.3.1 | 78.69 | 186.35 | 265.04 | OK | |
r-release-macos-arm64 | 1.3.1 | 87.00 | NOTE | |||
r-release-macos-x86_64 | 1.3.1 | 135.00 | NOTE | |||
r-release-windows-x86_64 | 1.3.1 | 73.00 | 168.00 | 241.00 | OK | |
r-oldrel-macos-arm64 | 1.3.1 | 86.00 | NOTE | |||
r-oldrel-macos-x86_64 | 1.3.1 | 241.00 | NOTE | |||
r-oldrel-windows-x86_64 | 1.3.1 | 93.00 | 207.00 | 300.00 | OK |
Version: 1.3.1
Check: installed package size
Result: NOTE
installed size is 5.7Mb
sub-directories of 1Mb or more:
libs 4.6Mb
Flavors: r-release-macos-arm64, r-release-macos-x86_64, r-oldrel-macos-arm64, r-oldrel-macos-x86_64