Last updated on 2024-06-15 17:57:29 CEST.
Flavor | Version | Tinstall | Tcheck | Ttotal | Status | Flags |
---|---|---|---|---|---|---|
r-devel-linux-x86_64-debian-clang | 4.6.4 | 92.77 | 50.23 | 143.00 | OK | |
r-devel-linux-x86_64-debian-gcc | 4.6.4 | 72.34 | 38.28 | 110.62 | OK | |
r-devel-linux-x86_64-fedora-clang | 4.6.4 | 191.19 | OK | |||
r-devel-linux-x86_64-fedora-gcc | 4.6.4 | 222.47 | OK | |||
r-devel-windows-x86_64 | 4.6.4 | 91.00 | 86.00 | 177.00 | OK | |
r-patched-linux-x86_64 | 4.6.4 | 86.82 | 48.37 | 135.19 | OK | |
r-release-linux-x86_64 | 4.6.4 | 81.14 | 48.33 | 129.47 | OK | |
r-release-macos-arm64 | 4.6.4 | 47.00 | NOTE | |||
r-release-macos-x86_64 | 4.6.4 | 86.00 | NOTE | |||
r-release-windows-x86_64 | 4.6.4 | 89.00 | 86.00 | 175.00 | OK | |
r-oldrel-macos-arm64 | 4.6.4 | 47.00 | NOTE | |||
r-oldrel-macos-x86_64 | 4.6.4 | 91.00 | NOTE | |||
r-oldrel-windows-x86_64 | 4.6.4 | 110.00 | 103.00 | 213.00 | OK |
Version: 4.6.4
Check: installed package size
Result: NOTE
installed size is 7.3Mb
sub-directories of 1Mb or more:
libs 6.8Mb
Flavors: r-release-macos-arm64, r-release-macos-x86_64, r-oldrel-macos-arm64, r-oldrel-macos-x86_64