Last updated on 2025-02-05 17:49:52 CET.
Flavor | Version | Tinstall | Tcheck | Ttotal | Status | Flags |
---|---|---|---|---|---|---|
r-devel-linux-x86_64-debian-clang | 0.2 | 1.63 | 18.07 | 19.70 | NOTE | |
r-devel-linux-x86_64-debian-gcc | 0.2 | 1.40 | 14.99 | 16.39 | NOTE | |
r-devel-linux-x86_64-fedora-clang | 0.2 | 31.15 | NOTE | |||
r-devel-linux-x86_64-fedora-gcc | 0.2 | 29.72 | NOTE | |||
r-devel-windows-x86_64 | 0.2 | 3.00 | 36.00 | 39.00 | NOTE | |
r-patched-linux-x86_64 | 0.2 | 1.34 | 17.12 | 18.46 | NOTE | |
r-release-linux-x86_64 | 0.2 | 1.63 | 17.02 | 18.65 | NOTE | |
r-release-macos-arm64 | 0.2 | 19.00 | NOTE | |||
r-release-macos-x86_64 | 0.2 | 19.00 | NOTE | |||
r-release-windows-x86_64 | 0.2 | 2.00 | 36.00 | 38.00 | NOTE | |
r-oldrel-macos-arm64 | 0.2 | 16.00 | NOTE | |||
r-oldrel-macos-x86_64 | 0.2 | 19.00 | NOTE | |||
r-oldrel-windows-x86_64 | 0.2 | 2.00 | 36.00 | 38.00 | NOTE |
Version: 0.2
Check: DESCRIPTION meta-information
Result: NOTE
Malformed Title field: should not end in a period.
Flavors: r-devel-linux-x86_64-debian-clang, r-devel-linux-x86_64-debian-gcc, r-devel-linux-x86_64-fedora-clang, r-devel-linux-x86_64-fedora-gcc, r-devel-windows-x86_64, r-patched-linux-x86_64, r-release-linux-x86_64, r-release-macos-arm64, r-release-macos-x86_64, r-release-windows-x86_64, r-oldrel-macos-arm64, r-oldrel-macos-x86_64, r-oldrel-windows-x86_64