Last updated on 2025-05-15 18:50:42 CEST.
Flavor | Version | Tinstall | Tcheck | Ttotal | Status | Flags |
---|---|---|---|---|---|---|
r-devel-linux-x86_64-debian-clang | 0.0.2 | 207.92 | 277.43 | 485.35 | OK | |
r-devel-linux-x86_64-debian-gcc | 0.0.2 | 206.71 | 214.25 | 420.96 | OK | |
r-devel-linux-x86_64-fedora-clang | 0.0.3 | 873.29 | OK | |||
r-devel-linux-x86_64-fedora-gcc | 0.0.3 | 1057.24 | OK | |||
r-devel-windows-x86_64 | 0.0.2 | 241.00 | 302.00 | 543.00 | OK | |
r-patched-linux-x86_64 | 0.0.2 | 247.07 | 288.76 | 535.83 | OK | |
r-release-linux-x86_64 | 0.0.2 | 247.32 | 289.45 | 536.77 | OK | |
r-release-macos-arm64 | 0.0.3 | 175.00 | OK | |||
r-release-macos-x86_64 | 0.0.2 | 531.00 | OK | |||
r-release-windows-x86_64 | 0.0.2 | 239.00 | 308.00 | 547.00 | OK | |
r-oldrel-macos-arm64 | 0.0.3 | 223.00 | NOTE | |||
r-oldrel-macos-x86_64 | 0.0.2 | 290.00 | NOTE | |||
r-oldrel-windows-x86_64 | 0.0.2 | 294.00 | 392.00 | 686.00 | NOTE |
Version: 0.0.3
Check: installed package size
Result: NOTE
installed size is 50.5Mb
sub-directories of 1Mb or more:
libs 49.1Mb
Flavor: r-oldrel-macos-arm64
Version: 0.0.3
Check: for GNU extensions in Makefiles
Result: NOTE
GNU make is a SystemRequirements.
Flavor: r-oldrel-macos-arm64
Version: 0.0.2
Check: installed package size
Result: NOTE
installed size is 51.4Mb
sub-directories of 1Mb or more:
libs 50.0Mb
Flavor: r-oldrel-macos-x86_64
Version: 0.0.2
Check: for GNU extensions in Makefiles
Result: NOTE
GNU make is a SystemRequirements.
Flavors: r-oldrel-macos-x86_64, r-oldrel-windows-x86_64