Last updated on 2025-02-10 17:49:06 CET.
Flavor | Version | Tinstall | Tcheck | Ttotal | Status | Flags |
---|---|---|---|---|---|---|
r-devel-linux-x86_64-debian-clang | 1.1-12 | 9.41 | 120.87 | 130.28 | NOTE | |
r-devel-linux-x86_64-debian-gcc | 1.1-12 | 7.30 | 87.20 | 94.50 | NOTE | |
r-devel-linux-x86_64-fedora-clang | 1.1-12 | 216.12 | NOTE | |||
r-devel-linux-x86_64-fedora-gcc | 1.1-12 | 199.71 | NOTE | |||
r-devel-windows-x86_64 | 1.1-12 | 11.00 | 134.00 | 145.00 | NOTE | |
r-patched-linux-x86_64 | 1.1-12 | 9.73 | 113.74 | 123.47 | OK | |
r-release-linux-x86_64 | 1.1-12 | 8.73 | 113.64 | 122.37 | OK | |
r-release-macos-arm64 | 1.1-12 | 60.00 | OK | |||
r-release-macos-x86_64 | 1.1-12 | 157.00 | OK | |||
r-release-windows-x86_64 | 1.1-12 | 11.00 | 132.00 | 143.00 | OK | |
r-oldrel-macos-arm64 | 1.1-12 | 62.00 | OK | |||
r-oldrel-macos-x86_64 | 1.1-12 | 114.00 | OK | |||
r-oldrel-windows-x86_64 | 1.1-12 | 12.00 | 161.00 | 173.00 | OK |
Version: 1.1-12
Check: tests
Result: NOTE
Running ‘autoKrige.cv.R’ [18s/20s]
Comparing ‘autoKrige.cv.Rout’ to ‘autoKrige.cv.Rout.save’ ... OK
Running ‘automap.R’ [18s/20s]
Comparing ‘automap.Rout’ to ‘automap.Rout.save’ ...168c168
< 3rd Qu.: 552 3rd Qu.: 71373 3rd Qu.:267.2
---
> 3rd Qu.: 552 3rd Qu.: 71374 3rd Qu.:267.2
244c244
< Max. :1728 Max. :67433 Max. :259.7
---
> Max. :1728 Max. :67434 Max. :259.7
495c495
< 3rd Qu.: 552 3rd Qu.: 71373 3rd Qu.:267.2
---
> 3rd Qu.: 552 3rd Qu.: 71374 3rd Qu.:267.2
545c545
< Max. :1728 Max. :67433 Max. :259.7
---
> Max. :1728 Max. :67434 Max. :259.7
Flavor: r-devel-linux-x86_64-debian-clang
Version: 1.1-12
Check: tests
Result: NOTE
Running ‘autoKrige.cv.R’ [11s/13s]
Comparing ‘autoKrige.cv.Rout’ to ‘autoKrige.cv.Rout.save’ ... OK
Running ‘automap.R’ [14s/15s]
Comparing ‘automap.Rout’ to ‘automap.Rout.save’ ...168c168
< 3rd Qu.: 552 3rd Qu.: 71373 3rd Qu.:267.2
---
> 3rd Qu.: 552 3rd Qu.: 71374 3rd Qu.:267.2
244c244
< Max. :1728 Max. :67433 Max. :259.7
---
> Max. :1728 Max. :67434 Max. :259.7
495c495
< 3rd Qu.: 552 3rd Qu.: 71373 3rd Qu.:267.2
---
> 3rd Qu.: 552 3rd Qu.: 71374 3rd Qu.:267.2
545c545
< Max. :1728 Max. :67433 Max. :259.7
---
> Max. :1728 Max. :67434 Max. :259.7
Flavor: r-devel-linux-x86_64-debian-gcc
Version: 1.1-12
Check: tests
Result: NOTE
Running ‘autoKrige.cv.R’ [31s/36s]
Comparing ‘autoKrige.cv.Rout’ to ‘autoKrige.cv.Rout.save’ ... OK
Running ‘automap.R’ [34s/36s]
Comparing ‘automap.Rout’ to ‘automap.Rout.save’ ...168c168
< 3rd Qu.: 552 3rd Qu.: 71373 3rd Qu.:267.2
---
> 3rd Qu.: 552 3rd Qu.: 71374 3rd Qu.:267.2
244c244
< Max. :1728 Max. :67433 Max. :259.7
---
> Max. :1728 Max. :67434 Max. :259.7
495c495
< 3rd Qu.: 552 3rd Qu.: 71373 3rd Qu.:267.2
---
> 3rd Qu.: 552 3rd Qu.: 71374 3rd Qu.:267.2
545c545
< Max. :1728 Max. :67433 Max. :259.7
---
> Max. :1728 Max. :67434 Max. :259.7
Flavor: r-devel-linux-x86_64-fedora-clang
Version: 1.1-12
Check: tests
Result: NOTE
Running ‘autoKrige.cv.R’ [27s/41s]
Comparing ‘autoKrige.cv.Rout’ to ‘autoKrige.cv.Rout.save’ ... OK
Running ‘automap.R’ [34s/41s]
Comparing ‘automap.Rout’ to ‘automap.Rout.save’ ...168c168
< 3rd Qu.: 552 3rd Qu.: 71373 3rd Qu.:267.2
---
> 3rd Qu.: 552 3rd Qu.: 71374 3rd Qu.:267.2
244c244
< Max. :1728 Max. :67433 Max. :259.7
---
> Max. :1728 Max. :67434 Max. :259.7
495c495
< 3rd Qu.: 552 3rd Qu.: 71373 3rd Qu.:267.2
---
> 3rd Qu.: 552 3rd Qu.: 71374 3rd Qu.:267.2
545c545
< Max. :1728 Max. :67433 Max. :259.7
---
> Max. :1728 Max. :67434 Max. :259.7
Flavor: r-devel-linux-x86_64-fedora-gcc
Version: 1.1-12
Check: tests
Result: NOTE
Running 'autoKrige.cv.R' [14s]
Comparing 'autoKrige.cv.Rout' to 'autoKrige.cv.Rout.save' ... OK
Running 'automap.R' [23s]
Comparing 'automap.Rout' to 'automap.Rout.save' ...168c168
< 3rd Qu.: 552 3rd Qu.: 71373 3rd Qu.:267.2
---
> 3rd Qu.: 552 3rd Qu.: 71374 3rd Qu.:267.2
244c244
< Max. :1728 Max. :67433 Max. :259.7
---
> Max. :1728 Max. :67434 Max. :259.7
495c495
< 3rd Qu.: 552 3rd Qu.: 71373 3rd Qu.:267.2
---
> 3rd Qu.: 552 3rd Qu.: 71374 3rd Qu.:267.2
545c545
< Max. :1728 Max. :67433 Max. :259.7
---
> Max. :1728 Max. :67434 Max. :259.7
Flavor: r-devel-windows-x86_64