Last updated on 2025-11-17 17:49:30 CET.
| Flavor | Version | Tinstall | Tcheck | Ttotal | Status | Flags |
|---|---|---|---|---|---|---|
| r-devel-linux-x86_64-debian-clang | 1.1.2 | 34.32 | 72.20 | 106.52 | OK | |
| r-devel-linux-x86_64-debian-gcc | 1.1.2 | 19.66 | 50.18 | 69.84 | OK | |
| r-devel-linux-x86_64-fedora-clang | 1.1.2 | 64.00 | 90.33 | 154.33 | OK | |
| r-devel-linux-x86_64-fedora-gcc | 1.1.2 | 66.00 | 81.97 | 147.97 | OK | |
| r-devel-windows-x86_64 | 1.1.2 | 38.00 | 98.00 | 136.00 | OK | |
| r-patched-linux-x86_64 | 1.1.2 | 36.39 | 69.93 | 106.32 | OK | |
| r-release-linux-x86_64 | 1.1.2 | 33.83 | 74.42 | 108.25 | OK | |
| r-release-macos-arm64 | 1.1.2 | 25.00 | 42.00 | 67.00 | OK | |
| r-release-macos-x86_64 | 1.1.2 | 51.00 | 122.00 | 173.00 | OK | |
| r-release-windows-x86_64 | 1.1.2 | 42.00 | 97.00 | 139.00 | OK | |
| r-oldrel-macos-arm64 | 1.1.2 | 22.00 | 39.00 | 61.00 | NOTE | |
| r-oldrel-macos-x86_64 | 1.1.2 | 36.00 | 58.00 | 94.00 | OK | |
| r-oldrel-windows-x86_64 | 1.1.2 | 41.00 | 96.00 | 137.00 | OK |
Version: 1.1.2
Check: installed package size
Result: NOTE
installed size is 5.0Mb
sub-directories of 1Mb or more:
data 4.5Mb
Flavor: r-oldrel-macos-arm64