Last updated on 2025-11-26 05:51:28 CET.
| Flavor | Version | Tinstall | Tcheck | Ttotal | Status | Flags |
|---|---|---|---|---|---|---|
| r-devel-linux-x86_64-debian-clang | 0.2-31 | 31.75 | 138.37 | 170.12 | OK | |
| r-devel-linux-x86_64-debian-gcc | 0.2-31 | 22.20 | 95.23 | 117.43 | OK | |
| r-devel-linux-x86_64-fedora-clang | 0.2-32 | 301.00 | 27.83 | 328.83 | OK | |
| r-devel-linux-x86_64-fedora-gcc | 0.2-32 | 57.00 | 213.44 | 270.44 | OK | |
| r-devel-windows-x86_64 | 0.2-31 | 64.00 | 147.00 | 211.00 | OK | |
| r-patched-linux-x86_64 | 0.2-31 | 33.60 | 131.04 | 164.64 | OK | |
| r-release-linux-x86_64 | 0.2-31 | 31.05 | 130.91 | 161.96 | OK | |
| r-release-macos-arm64 | 0.2-32 | 8.00 | 39.00 | 47.00 | OK | |
| r-release-macos-x86_64 | 0.2-32 | 68.00 | 279.00 | 347.00 | OK | |
| r-release-windows-x86_64 | 0.2-31 | 49.00 | 171.00 | 220.00 | OK | |
| r-oldrel-macos-arm64 | 0.2-32 | 0.00 | 19.00 | 19.00 | ERROR | |
| r-oldrel-macos-x86_64 | 0.2-32 | 8.00 | 40.00 | 48.00 | ERROR | |
| r-oldrel-windows-x86_64 | 0.2-32 | 38.00 | 8.00 | 46.00 | ERROR |
Version: 0.2-32
Check: whether package can be installed
Result: ERROR
Installation failed.
Flavors: r-oldrel-macos-arm64, r-oldrel-macos-x86_64, r-oldrel-windows-x86_64