Last updated on 2025-02-10 17:49:06 CET.
Flavor | Version | Tinstall | Tcheck | Ttotal | Status | Flags |
---|---|---|---|---|---|---|
r-devel-linux-x86_64-debian-clang | 0.1.0 | 5.95 | 86.64 | 92.59 | NOTE | |
r-devel-linux-x86_64-debian-gcc | 0.1.0 | 3.78 | 56.76 | 60.54 | NOTE | |
r-devel-linux-x86_64-fedora-clang | 0.1.0 | 145.48 | NOTE | |||
r-devel-linux-x86_64-fedora-gcc | 0.1.0 | 150.03 | NOTE | |||
r-devel-windows-x86_64 | 0.1.0 | 7.00 | 93.00 | 100.00 | NOTE | |
r-patched-linux-x86_64 | 0.1.0 | 4.25 | 79.54 | 83.79 | OK | |
r-release-linux-x86_64 | 0.1.0 | 5.42 | 80.10 | 85.52 | OK | |
r-release-macos-arm64 | 0.1.0 | 49.00 | OK | |||
r-release-macos-x86_64 | 0.1.0 | 104.00 | OK | |||
r-release-windows-x86_64 | 0.1.0 | 8.00 | 93.00 | 101.00 | OK | |
r-oldrel-macos-arm64 | 0.1.0 | 54.00 | OK | |||
r-oldrel-macos-x86_64 | 0.1.0 | 110.00 | OK | |||
r-oldrel-windows-x86_64 | 0.1.0 | 8.00 | 115.00 | 123.00 | OK |
Version: 0.1.0
Check: DESCRIPTION meta-information
Result: NOTE
Missing dependency on R >= 4.1.0 because package code uses the pipe
|> or function shorthand \(...) syntax added in R 4.1.0.
File(s) using such syntax:
‘art_pals.R’ ‘circle_data.R’ ‘grid_maker.R’ ‘group_numbers.R’
‘packer.R’ ‘rotator.R’ ‘square_data.R’ ‘wave_data.R’
Flavors: r-devel-linux-x86_64-debian-clang, r-devel-linux-x86_64-debian-gcc, r-devel-linux-x86_64-fedora-clang, r-devel-linux-x86_64-fedora-gcc, r-devel-windows-x86_64