Last updated on 2025-05-15 18:50:41 CEST.
Flavor | Version | Tinstall | Tcheck | Ttotal | Status | Flags |
---|---|---|---|---|---|---|
r-devel-linux-x86_64-debian-clang | 0.3.0 | 24.38 | 286.13 | 310.51 | ERROR | |
r-devel-linux-x86_64-debian-gcc | 0.3.0 | 13.91 | 185.28 | 199.19 | OK | |
r-devel-linux-x86_64-fedora-clang | 0.3.0 | 493.83 | NOTE | |||
r-devel-linux-x86_64-fedora-gcc | 0.3.0 | 512.93 | NOTE | |||
r-devel-windows-x86_64 | 0.3.0 | 24.00 | 229.00 | 253.00 | OK | |
r-patched-linux-x86_64 | 0.3.0 | 24.33 | 270.35 | 294.68 | OK | |
r-release-linux-x86_64 | 0.3.0 | 23.51 | 268.07 | 291.58 | OK | |
r-release-macos-arm64 | 0.3.0 | 118.00 | OK | |||
r-release-macos-x86_64 | 0.3.0 | 262.00 | OK | |||
r-release-windows-x86_64 | 0.3.0 | 26.00 | 230.00 | 256.00 | OK | |
r-oldrel-macos-arm64 | 0.3.0 | 130.00 | OK | |||
r-oldrel-macos-x86_64 | 0.3.0 | 374.00 | OK | |||
r-oldrel-windows-x86_64 | 0.3.0 | 32.00 | 343.00 | 375.00 | OK |
Version: 0.3.0
Check: tests
Result: ERROR
Running ‘testthat.R’ [10s/15s]
Running the tests in ‘tests/testthat.R’ failed.
Complete output:
> library(testthat)
> library(arcpullr)
Loading required package: sf
Linking to GEOS 3.13.1, GDAL 3.10.3, PROJ 9.6.0; sf_use_s2() is TRUE
>
> test_check("arcpullr")
[ FAIL 1 | WARN 0 | SKIP 0 | PASS 46 ]
══ Failed tests ════════════════════════════════════════════════════════════════
── Error ('test_layer_properties.R:3:1'): (code run outside of `test_that()`) ──
Error in `open.connection(x, "rb")`: cannot open the connection
Backtrace:
▆
1. └─arcpullr::get_layer_legend(wi_landcover_url) at test_layer_properties.R:3:1
2. ├─rvest::html_nodes(...)
3. │ └─rvest::html_elements(...)
4. ├─rvest::html_nodes(xml2::read_html(legend_url), "table")
5. │ └─rvest::html_elements(...)
6. ├─xml2::read_html(legend_url)
7. └─xml2:::read_html.default(legend_url)
8. ├─base::suppressWarnings(...)
9. │ └─base::withCallingHandlers(...)
10. ├─xml2::read_xml(x, encoding = encoding, ..., as_html = TRUE, options = options)
11. └─xml2:::read_xml.character(...)
12. └─xml2:::read_xml.connection(...)
13. ├─base::open(x, "rb")
14. └─base::open.connection(x, "rb")
[ FAIL 1 | WARN 0 | SKIP 0 | PASS 46 ]
Error: Test failures
Execution halted
Flavor: r-devel-linux-x86_64-debian-clang
Version: 0.3.0
Check: dependencies in R code
Result: NOTE
Namespace in Imports field not imported from: ‘methods’
All declared Imports should be used.
Flavors: r-devel-linux-x86_64-fedora-clang, r-devel-linux-x86_64-fedora-gcc