Last updated on 2025-11-25 17:49:43 CET.
| Flavor | Version | Tinstall | Tcheck | Ttotal | Status | Flags |
|---|---|---|---|---|---|---|
| r-devel-linux-x86_64-debian-clang | 0.1.0 | 1.99 | 26.01 | 28.00 | OK | |
| r-devel-linux-x86_64-debian-gcc | 0.1.0 | 1.68 | 21.35 | 23.03 | OK | |
| r-devel-linux-x86_64-fedora-clang | 0.1.0 | 39.46 | OK | |||
| r-devel-linux-x86_64-fedora-gcc | 0.1.0 | 36.82 | OK | |||
| r-devel-windows-x86_64 | 0.1.0 | 5.00 | 41.00 | 46.00 | OK | |
| r-patched-linux-x86_64 | 0.1.0 | 1.98 | 22.83 | 24.81 | OK | |
| r-release-linux-x86_64 | 0.1.0 | 1.61 | 22.88 | 24.49 | OK | |
| r-release-macos-arm64 | 0.1.0 | OK | ||||
| r-release-macos-x86_64 | 0.1.0 | 3.00 | 31.00 | 34.00 | OK | |
| r-release-windows-x86_64 | 0.1.0 | 4.00 | 49.00 | 53.00 | OK | |
| r-oldrel-macos-arm64 | 0.1.0 | NOTE | ||||
| r-oldrel-macos-x86_64 | 0.1.0 | 2.00 | 21.00 | 23.00 | NOTE | |
| r-oldrel-windows-x86_64 | 0.1.0 | 4.00 | 48.00 | 52.00 | NOTE |
Version: 0.1.0
Check: LazyData
Result: NOTE
'LazyData' is specified without a 'data' directory
Flavors: r-oldrel-macos-arm64, r-oldrel-macos-x86_64, r-oldrel-windows-x86_64