Last updated on 2025-05-15 18:50:41 CEST.
Flavor | Version | Tinstall | Tcheck | Ttotal | Status | Flags |
---|---|---|---|---|---|---|
r-devel-linux-x86_64-debian-clang | 0.80 | 14.24 | 102.93 | 117.17 | NOTE | |
r-devel-linux-x86_64-debian-gcc | 0.80 | 10.74 | 73.03 | 83.77 | NOTE | |
r-devel-linux-x86_64-fedora-clang | 0.80 | 181.21 | OK | |||
r-devel-linux-x86_64-fedora-gcc | 0.80 | 169.42 | OK | |||
r-devel-windows-x86_64 | 0.80 | 15.00 | 102.00 | 117.00 | OK | |
r-patched-linux-x86_64 | 0.80 | 12.66 | 96.21 | 108.87 | OK | |
r-release-linux-x86_64 | 0.80 | 13.24 | 95.94 | 109.18 | OK | |
r-release-macos-arm64 | 0.80 | 48.00 | OK | |||
r-release-macos-x86_64 | 0.80 | 87.00 | OK | |||
r-release-windows-x86_64 | 0.80 | 15.00 | 109.00 | 124.00 | OK | |
r-oldrel-macos-arm64 | 0.80 | 52.00 | OK | |||
r-oldrel-macos-x86_64 | 0.80 | 68.00 | OK | |||
r-oldrel-windows-x86_64 | 0.80 | 21.00 | 129.00 | 150.00 | OK |
Version: 0.80
Check: CRAN incoming feasibility
Result: NOTE
Maintainer: ‘Josh Pasek <josh@joshpasek.com>’
No Authors@R field in DESCRIPTION.
Please add one, modifying
Authors@R: person(given = "Josh",
family = "Pasek",
role = c("aut", "cre"),
email = "josh@joshpasek.com")
as necessary.
Flavors: r-devel-linux-x86_64-debian-clang, r-devel-linux-x86_64-debian-gcc