CRAN Package Check Results for Package amregtest

Last updated on 2025-02-10 17:49:06 CET.

Flavor Version Tinstall Tcheck Ttotal Status Flags
r-devel-linux-x86_64-debian-clang 1.0.3 6.80 39.63 46.43 NOTE
r-devel-linux-x86_64-debian-gcc 1.0.3 4.27 30.96 35.23 NOTE
r-devel-linux-x86_64-fedora-clang 1.0.3 70.30 OK
r-devel-linux-x86_64-fedora-gcc 1.0.3 67.94 OK
r-devel-windows-x86_64 1.0.3 6.00 64.00 70.00 NOTE
r-patched-linux-x86_64 1.0.3 10.17 38.39 48.56 OK
r-release-linux-x86_64 1.0.3 6.19 38.69 44.88 OK
r-release-macos-arm64 1.0.3 29.00 OK
r-release-macos-x86_64 1.0.3 41.00 OK
r-release-windows-x86_64 1.0.3 7.00 64.00 71.00 OK
r-oldrel-macos-arm64 1.0.3 36.00 OK
r-oldrel-macos-x86_64 1.0.3 52.00 OK
r-oldrel-windows-x86_64 1.0.3 6.00 69.00 75.00 OK

Check Details

Version: 1.0.3
Check: Rd cross-references
Result: NOTE Found the following Rd file(s) with Rd \link{} targets missing package anchors: amExample1.Rd: allelematch amExample2.Rd: allelematch amExample3.Rd: allelematch amExample4.Rd: allelematch amExample5.Rd: allelematch amregtest.Rd: allelematch artData.Rd: amDataset, allelematch artRun.Rd: allelematch artVersion.Rd: allelematch-package ggSample.Rd: allelematch Please provide package anchors for all Rd \link{} targets not in the package itself and the base packages. Flavors: r-devel-linux-x86_64-debian-clang, r-devel-linux-x86_64-debian-gcc, r-devel-windows-x86_64