Last updated on 2024-06-29 06:49:35 CEST.
Flavor | Version | Tinstall | Tcheck | Ttotal | Status | Flags |
---|---|---|---|---|---|---|
r-devel-linux-x86_64-debian-clang | 0.3.0 | 3.01 | 112.09 | 115.10 | OK | |
r-devel-linux-x86_64-debian-gcc | 0.3.0 | 3.09 | 82.26 | 85.35 | OK | |
r-devel-linux-x86_64-fedora-clang | 0.3.0 | 173.09 | OK | |||
r-devel-linux-x86_64-fedora-gcc | 0.3.0 | 177.19 | OK | |||
r-devel-windows-x86_64 | 0.3.0 | 5.00 | 121.00 | 126.00 | OK | |
r-patched-linux-x86_64 | 0.3.0 | 3.62 | 105.25 | 108.87 | OK | |
r-release-linux-x86_64 | 0.3.0 | 4.20 | 106.93 | 111.13 | OK | |
r-release-macos-arm64 | 0.3.0 | 34.00 | ERROR | |||
r-release-macos-x86_64 | 0.3.0 | 54.00 | ERROR | |||
r-release-windows-x86_64 | 0.3.0 | 5.00 | 116.00 | 121.00 | OK | |
r-oldrel-macos-arm64 | 0.3.0 | 40.00 | ERROR | |||
r-oldrel-macos-x86_64 | 0.3.0 | 72.00 | ERROR | |||
r-oldrel-windows-x86_64 | 0.3.0 | 6.00 | 134.00 | 140.00 | OK |
Version: 0.3.0
Check: tests
Result: ERROR
Running ‘spelling.R’ [0s/0s]
Running ‘testthat.R’ [8s/8s]
Running the tests in ‘tests/testthat.R’ failed.
Last 13 lines of output:
▆
1. └─altdoc::render_docs(path = getwd()) at test-update.R:111:5
2. └─cli::cli_abort("There were some failures when rendering vignettes.")
3. └─rlang::abort(...)
── Error ('test-update.R:111:5'): render_docs also transform new/modified vignettes if specified: docsify ──
Error in `render_docs(path = getwd())`: There were some failures when rendering vignettes.
Backtrace:
▆
1. └─altdoc::render_docs(path = getwd()) at test-update.R:111:5
2. └─cli::cli_abort("There were some failures when rendering vignettes.")
3. └─rlang::abort(...)
[ FAIL 5 | WARN 0 | SKIP 7 | PASS 56 ]
Error: Test failures
Execution halted
Flavor: r-release-macos-arm64
Version: 0.3.0
Check: tests
Result: ERROR
Running ‘spelling.R’ [0s/0s]
Running ‘testthat.R’ [14s/16s]
Running the tests in ‘tests/testthat.R’ failed.
Last 13 lines of output:
▆
1. └─altdoc::render_docs(path = getwd()) at test-update.R:111:5
2. └─cli::cli_abort("There were some failures when rendering vignettes.")
3. └─rlang::abort(...)
── Error ('test-update.R:111:5'): render_docs also transform new/modified vignettes if specified: docsify ──
Error in `render_docs(path = getwd())`: There were some failures when rendering vignettes.
Backtrace:
▆
1. └─altdoc::render_docs(path = getwd()) at test-update.R:111:5
2. └─cli::cli_abort("There were some failures when rendering vignettes.")
3. └─rlang::abort(...)
[ FAIL 5 | WARN 0 | SKIP 7 | PASS 56 ]
Error: Test failures
Execution halted
Flavor: r-release-macos-x86_64
Version: 0.3.0
Check: tests
Result: ERROR
Running ‘spelling.R’ [0s/0s]
Running ‘testthat.R’ [7s/9s]
Running the tests in ‘tests/testthat.R’ failed.
Last 13 lines of output:
▆
1. └─altdoc::render_docs(path = getwd()) at test-update.R:111:5
2. └─cli::cli_abort("There were some failures when rendering vignettes.")
3. └─rlang::abort(...)
── Error ('test-update.R:111:5'): render_docs also transform new/modified vignettes if specified: docsify ──
Error in `render_docs(path = getwd())`: There were some failures when rendering vignettes.
Backtrace:
▆
1. └─altdoc::render_docs(path = getwd()) at test-update.R:111:5
2. └─cli::cli_abort("There were some failures when rendering vignettes.")
3. └─rlang::abort(...)
[ FAIL 5 | WARN 0 | SKIP 7 | PASS 56 ]
Error: Test failures
Execution halted
Flavor: r-oldrel-macos-arm64
Version: 0.3.0
Check: tests
Result: ERROR
Running ‘spelling.R’ [0s/0s]
Running ‘testthat.R’ [15s/25s]
Running the tests in ‘tests/testthat.R’ failed.
Last 13 lines of output:
▆
1. └─altdoc::render_docs(path = getwd()) at test-update.R:111:5
2. └─cli::cli_abort("There were some failures when rendering vignettes.")
3. └─rlang::abort(...)
── Error ('test-update.R:111:5'): render_docs also transform new/modified vignettes if specified: docsify ──
Error in `render_docs(path = getwd())`: There were some failures when rendering vignettes.
Backtrace:
▆
1. └─altdoc::render_docs(path = getwd()) at test-update.R:111:5
2. └─cli::cli_abort("There were some failures when rendering vignettes.")
3. └─rlang::abort(...)
[ FAIL 5 | WARN 0 | SKIP 7 | PASS 56 ]
Error: Test failures
Execution halted
Flavor: r-oldrel-macos-x86_64