Last updated on 2025-02-05 17:49:51 CET.
Flavor | Version | Tinstall | Tcheck | Ttotal | Status | Flags |
---|---|---|---|---|---|---|
r-devel-linux-x86_64-debian-clang | 1.3.2 | 6.26 | 44.09 | 50.35 | NOTE | |
r-devel-linux-x86_64-debian-gcc | 1.3.2 | 5.13 | 34.08 | 39.21 | NOTE | |
r-devel-linux-x86_64-fedora-clang | 1.3.2 | 79.63 | OK | |||
r-devel-linux-x86_64-fedora-gcc | 1.3.2 | 78.02 | OK | |||
r-devel-windows-x86_64 | 1.3.2 | 10.00 | 63.00 | 73.00 | NOTE | |
r-patched-linux-x86_64 | 1.3.2 | 11.11 | 42.40 | 53.51 | OK | |
r-release-linux-x86_64 | 1.3.2 | 5.85 | 42.67 | 48.52 | OK | |
r-release-macos-arm64 | 1.3.2 | 27.00 | OK | |||
r-release-macos-x86_64 | 1.3.2 | 39.00 | OK | |||
r-release-windows-x86_64 | 1.3.2 | 11.00 | 61.00 | 72.00 | OK | |
r-oldrel-macos-arm64 | 1.3.2 | 29.00 | OK | |||
r-oldrel-macos-x86_64 | 1.3.2 | 39.00 | OK | |||
r-oldrel-windows-x86_64 | 1.3.2 | 13.00 | 71.00 | 84.00 | OK |
Version: 1.3.2
Check: Rd cross-references
Result: NOTE
Found the following Rd file(s) with Rd \link{} targets missing package
anchors:
plot.ashape3d.Rd: rgl, material3d
surfaceNormals.Rd: material3d
Please provide package anchors for all Rd \link{} targets not in the
package itself and the base packages.
Flavors: r-devel-linux-x86_64-debian-clang, r-devel-linux-x86_64-debian-gcc, r-devel-windows-x86_64