Last updated on 2025-05-15 18:50:41 CEST.
Flavor | Version | Tinstall | Tcheck | Ttotal | Status | Flags |
---|---|---|---|---|---|---|
r-devel-linux-x86_64-debian-clang | 0.2.3 | 9.94 | 152.02 | 161.96 | NOTE | |
r-devel-linux-x86_64-debian-gcc | 0.2.3 | 7.55 | 107.74 | 115.29 | NOTE | |
r-devel-linux-x86_64-fedora-clang | 0.2.3 | 247.78 | NOTE | |||
r-devel-linux-x86_64-fedora-gcc | 0.2.3 | 249.74 | NOTE | |||
r-devel-windows-x86_64 | 0.2.3 | 12.00 | 158.00 | 170.00 | NOTE | |
r-patched-linux-x86_64 | 0.2.3 | 10.13 | 139.64 | 149.77 | NOTE | |
r-release-linux-x86_64 | 0.2.3 | 10.05 | 140.78 | 150.83 | NOTE | |
r-release-macos-arm64 | 0.2.3 | 78.00 | NOTE | |||
r-release-macos-x86_64 | 0.2.3 | 143.00 | NOTE | |||
r-release-windows-x86_64 | 0.2.3 | 11.00 | 172.00 | 183.00 | NOTE | |
r-oldrel-macos-arm64 | 0.2.3 | 71.00 | NOTE | |||
r-oldrel-macos-x86_64 | 0.2.3 | 112.00 | NOTE | |||
r-oldrel-windows-x86_64 | 0.2.3 | 14.00 | 204.00 | 218.00 | NOTE |
Version: 0.2.3
Check: Rd files
Result: NOTE
checkRd: (-1) allestimates.Rd:25: Lost braces in \itemize; meant \describe ?
checkRd: (-1) allestimates.Rd:26: Lost braces in \itemize; meant \describe ?
checkRd: (-1) allestimates.Rd:27: Lost braces in \itemize; meant \describe ?
checkRd: (-1) allestimates.Rd:28: Lost braces in \itemize; meant \describe ?
Flavors: r-devel-linux-x86_64-debian-clang, r-devel-linux-x86_64-debian-gcc, r-devel-linux-x86_64-fedora-clang, r-devel-linux-x86_64-fedora-gcc, r-devel-windows-x86_64, r-patched-linux-x86_64, r-release-linux-x86_64, r-release-macos-arm64, r-release-macos-x86_64, r-release-windows-x86_64, r-oldrel-macos-arm64, r-oldrel-macos-x86_64, r-oldrel-windows-x86_64