Last updated on 2025-02-10 17:49:05 CET.
Flavor | Version | Tinstall | Tcheck | Ttotal | Status | Flags |
---|---|---|---|---|---|---|
r-devel-linux-x86_64-debian-clang | 0.6-3.4 | 11.52 | 33.36 | 44.88 | NOTE | |
r-devel-linux-x86_64-debian-gcc | 0.6-3.4 | 7.80 | 25.68 | 33.48 | NOTE | |
r-devel-linux-x86_64-fedora-clang | 0.6-3.4 | 72.18 | NOTE | |||
r-devel-linux-x86_64-fedora-gcc | 0.6-3.4 | 68.05 | NOTE | |||
r-devel-windows-x86_64 | 0.6-3.4 | 13.00 | 58.00 | 71.00 | NOTE | |
r-patched-linux-x86_64 | 0.6-3.4 | 8.05 | 31.84 | 39.89 | NOTE | |
r-release-linux-x86_64 | 0.6-3.4 | 9.83 | 31.50 | 41.33 | NOTE | |
r-release-macos-arm64 | 0.6-3.4 | 30.00 | NOTE | |||
r-release-macos-x86_64 | 0.6-3.4 | 42.00 | NOTE | |||
r-release-windows-x86_64 | 0.6-3.4 | 12.00 | 59.00 | 71.00 | NOTE | |
r-oldrel-macos-arm64 | 0.6-3.4 | 33.00 | OK | |||
r-oldrel-macos-x86_64 | 0.6-3.4 | 49.00 | NOTE | |||
r-oldrel-windows-x86_64 | 0.6-3.4 | 15.00 | 64.00 | 79.00 | OK |
Version: 0.6-3.4
Check: Rd files
Result: NOTE
checkRd: (-1) interpp.Rd:119: Lost braces
119 | If \code{linear} is \\code{TRUE}, linear
| ^
Flavors: r-devel-linux-x86_64-debian-clang, r-devel-linux-x86_64-debian-gcc, r-devel-linux-x86_64-fedora-clang, r-devel-linux-x86_64-fedora-gcc, r-devel-windows-x86_64, r-patched-linux-x86_64, r-release-linux-x86_64, r-release-macos-arm64, r-release-macos-x86_64, r-release-windows-x86_64
Version: 0.6-3.4
Check: package dependencies
Result: NOTE
Package which this enhances but not available for checking: ‘tripack’
Flavor: r-oldrel-macos-x86_64
Version: 0.6-3.4
Check: Rd cross-references
Result: NOTE
Package unavailable to check Rd xrefs: ‘tripack’
Flavor: r-oldrel-macos-x86_64