Last updated on 2025-02-05 17:49:51 CET.
Flavor | Version | Tinstall | Tcheck | Ttotal | Status | Flags |
---|---|---|---|---|---|---|
r-devel-linux-x86_64-debian-clang | 0.1.8 | 4.40 | 35.50 | 39.90 | OK | |
r-devel-linux-x86_64-debian-gcc | 0.1.8 | 2.84 | 27.31 | 30.15 | OK | |
r-devel-linux-x86_64-fedora-clang | 0.1.8 | 70.14 | NOTE | |||
r-devel-linux-x86_64-fedora-gcc | 0.1.8 | 77.23 | NOTE | |||
r-devel-windows-x86_64 | 0.1.8 | 8.00 | 59.00 | 67.00 | OK | |
r-patched-linux-x86_64 | 0.1.8 | 4.93 | 33.70 | 38.63 | OK | |
r-release-linux-x86_64 | 0.1.8 | 4.59 | 33.80 | 38.39 | OK | |
r-release-macos-arm64 | 0.1.8 | 30.00 | NOTE | |||
r-release-macos-x86_64 | 0.1.8 | 41.00 | NOTE | |||
r-release-windows-x86_64 | 0.1.8 | 9.00 | 58.00 | 67.00 | NOTE | |
r-oldrel-macos-arm64 | 0.1.8 | 32.00 | NOTE | |||
r-oldrel-macos-x86_64 | 0.1.8 | 43.00 | NOTE | |||
r-oldrel-windows-x86_64 | 0.1.8 | 9.00 | 63.00 | 72.00 | NOTE |
Version: 0.1.8
Check: dependencies in R code
Result: NOTE
Namespaces in Imports field not imported from:
‘BayesFactor’ ‘GGally’ ‘Hmisc’ ‘WRS2’ ‘boot’ ‘car’ ‘dplyr’ ‘effects’
‘effsize’ ‘forcats’ ‘ggplot2’ ‘lm.beta’ ‘nlme’ ‘readr’ ‘robust’
‘sandwich’ ‘sjstats’ ‘tidyr’
All declared Imports should be used.
Flavors: r-devel-linux-x86_64-fedora-clang, r-devel-linux-x86_64-fedora-gcc
Version: 0.1.8
Check: installed package size
Result: NOTE
installed size is 5.7Mb
sub-directories of 1Mb or more:
tutorials 5.5Mb
Flavors: r-release-macos-arm64, r-release-macos-x86_64, r-release-windows-x86_64, r-oldrel-macos-arm64, r-oldrel-macos-x86_64, r-oldrel-windows-x86_64