Last updated on 2024-06-29 06:49:35 CEST.
Flavor | Version | Tinstall | Tcheck | Ttotal | Status | Flags |
---|---|---|---|---|---|---|
r-devel-linux-x86_64-debian-clang | 1.0.1 | 445.52 | 243.60 | 689.12 | OK | |
r-devel-linux-x86_64-debian-gcc | 1.0.1 | 371.26 | 193.59 | 564.85 | OK | |
r-devel-linux-x86_64-fedora-clang | 1.0.1 | 836.75 | NOTE | |||
r-devel-linux-x86_64-fedora-gcc | 1.0.1 | 1156.61 | OK | |||
r-devel-windows-x86_64 | 1.0.1 | 312.00 | 231.00 | 543.00 | NOTE | |
r-patched-linux-x86_64 | 1.0.1 | 428.63 | 259.84 | 688.47 | OK | |
r-release-linux-x86_64 | 1.0.1 | 448.27 | 260.50 | 708.77 | OK | |
r-release-macos-arm64 | 1.0.1 | 236.00 | NOTE | |||
r-release-macos-x86_64 | 1.0.1 | 448.00 | NOTE | |||
r-release-windows-x86_64 | 1.0.1 | 310.00 | 222.00 | 532.00 | NOTE | |
r-oldrel-macos-arm64 | 1.0.1 | 246.00 | NOTE | |||
r-oldrel-macos-x86_64 | 1.0.1 | 341.00 | NOTE | |||
r-oldrel-windows-x86_64 | 1.0.1 | 386.00 | 297.00 | 683.00 | NOTE |
Version: 1.0.1
Check: installed package size
Result: NOTE
installed size is 7.1Mb
sub-directories of 1Mb or more:
adelie 1.3Mb
libs 5.6Mb
Flavors: r-devel-linux-x86_64-fedora-clang, r-devel-windows-x86_64, r-release-macos-arm64, r-release-macos-x86_64, r-release-windows-x86_64, r-oldrel-macos-arm64, r-oldrel-macos-x86_64, r-oldrel-windows-x86_64