Last updated on 2025-11-04 13:50:09 CET.
| Flavor | Version | Tinstall | Tcheck | Ttotal | Status | Flags |
|---|---|---|---|---|---|---|
| r-devel-linux-x86_64-debian-clang | 1.0.1 | 6.66 | 57.82 | 64.48 | OK | |
| r-devel-linux-x86_64-debian-gcc | 1.0.1 | 4.84 | 41.95 | 46.79 | OK | |
| r-devel-linux-x86_64-fedora-clang | 1.0.1 | 15.00 | 81.27 | 96.27 | NOTE | |
| r-devel-linux-x86_64-fedora-gcc | 1.0.1 | 14.00 | 90.80 | 104.80 | NOTE | |
| r-devel-windows-x86_64 | 1.0.1 | 10.00 | 70.00 | 80.00 | OK | |
| r-patched-linux-x86_64 | 1.0.1 | 5.23 | 51.90 | 57.13 | OK | |
| r-release-linux-x86_64 | 1.0.1 | 6.79 | 52.55 | 59.34 | OK | |
| r-release-macos-arm64 | 1.0.1 | 3.00 | 49.00 | 52.00 | OK | |
| r-release-macos-x86_64 | 1.0.1 | 7.00 | 63.00 | 70.00 | OK | |
| r-release-windows-x86_64 | 1.0.1 | 9.00 | 68.00 | 77.00 | OK | |
| r-oldrel-macos-arm64 | 1.0.1 | 4.00 | 49.00 | 53.00 | OK | |
| r-oldrel-macos-x86_64 | 1.0.1 | 7.00 | 97.00 | 104.00 | OK | |
| r-oldrel-windows-x86_64 | 1.0.1 | 11.00 | 238.00 | 249.00 | OK |
Version: 1.0.1
Check: dependencies in R code
Result: NOTE
Namespace in Imports field not imported from: ‘lifecycle’
All declared Imports should be used.
Flavors: r-devel-linux-x86_64-fedora-clang, r-devel-linux-x86_64-fedora-gcc