CRAN Package Check Results for Package abodOutlier

Last updated on 2025-02-10 17:49:05 CET.

Flavor Version Tinstall Tcheck Ttotal Status Flags
r-devel-linux-x86_64-debian-clang 0.1 1.72 18.02 19.74 OK
r-devel-linux-x86_64-debian-gcc 0.1 1.35 14.44 15.79 OK
r-devel-linux-x86_64-fedora-clang 0.1 32.55 OK
r-devel-linux-x86_64-fedora-gcc 0.1 31.13 OK
r-devel-windows-x86_64 0.1 3.00 40.00 43.00 OK
r-patched-linux-x86_64 0.1 1.47 17.44 18.91 NOTE
r-release-linux-x86_64 0.1 1.38 17.17 18.55 NOTE
r-release-macos-arm64 0.1 18.00 NOTE
r-release-macos-x86_64 0.1 30.00 NOTE
r-release-windows-x86_64 0.1 3.00 41.00 44.00 NOTE
r-oldrel-macos-arm64 0.1 17.00 NOTE
r-oldrel-macos-x86_64 0.1 21.00 NOTE
r-oldrel-windows-x86_64 0.1 2.00 41.00 43.00 NOTE

Check Details

Version: 0.1
Check: LazyData
Result: NOTE 'LazyData' is specified without a 'data' directory Flavors: r-patched-linux-x86_64, r-release-linux-x86_64, r-release-macos-arm64, r-release-macos-x86_64, r-release-windows-x86_64, r-oldrel-macos-arm64, r-oldrel-macos-x86_64, r-oldrel-windows-x86_64