Last updated on 2024-08-16 06:50:16 CEST.
Flavor | Version | Tinstall | Tcheck | Ttotal | Status | Flags |
---|---|---|---|---|---|---|
r-devel-linux-x86_64-debian-clang | 1.0.1 | 13.66 | 164.74 | 178.40 | OK | |
r-devel-linux-x86_64-debian-gcc | 1.0.1 | 10.45 | 124.40 | 134.85 | OK | |
r-devel-linux-x86_64-fedora-clang | 1.0.1 | 300.88 | NOTE | |||
r-devel-linux-x86_64-fedora-gcc | 1.0.1 | 304.31 | NOTE | |||
r-devel-windows-x86_64 | 1.0.1 | 13.00 | 184.00 | 197.00 | OK | |
r-patched-linux-x86_64 | 1.0.1 | 12.99 | 162.19 | 175.18 | OK | |
r-release-linux-x86_64 | 1.0.1 | 14.32 | 163.65 | 177.97 | OK | |
r-release-macos-arm64 | 1.0.1 | 100.00 | OK | |||
r-release-macos-x86_64 | 1.0.1 | 175.00 | OK | |||
r-release-windows-x86_64 | 1.0.1 | 13.00 | 190.00 | 203.00 | OK | |
r-oldrel-macos-arm64 | 1.0.1 | 101.00 | OK | |||
r-oldrel-macos-x86_64 | 1.0.1 | 176.00 | OK | |||
r-oldrel-windows-x86_64 | 1.0.1 | 19.00 | 225.00 | 244.00 | OK |
Version: 1.0.1
Check: dependencies in R code
Result: NOTE
Namespace in Imports field not imported from: ‘dplyr’
All declared Imports should be used.
Flavors: r-devel-linux-x86_64-fedora-clang, r-devel-linux-x86_64-fedora-gcc